{"id":834,"date":"2024-09-30T09:44:08","date_gmt":"2024-09-30T09:44:08","guid":{"rendered":"https:\/\/www.lpskola.lv\/?page_id=834"},"modified":"2025-03-17T09:42:54","modified_gmt":"2025-03-17T09:42:54","slug":"skolas-vizija","status":"publish","type":"page","link":"https:\/\/www.lpskola.lv\/?page_id=834","title":{"rendered":"Skolas v\u012bzija"},"content":{"rendered":"<h3 style=\"text-align: center;\">M\u016bsu skola k\u013c\u016bs par inovat\u012bvu m\u0101c\u012bbu iest\u0101di ar est\u0113tisku, dro\u0161u un atbalsto\u0161u vidi ikvienam skol\u0113nam, pedagogam un darbiniekam.<\/h3>\n<h3 style=\"text-align: left;\"><strong><em><u>Misija<\/u><\/em><\/strong><\/h3>\n<p>Nodro\u0161inot m\u016bsdien\u012bgu, atbalsto\u0161u, dro\u0161u vidi un respekt\u0113jot katra izgl\u012bt\u012bbas proces\u0101 iesaist\u012bt\u0101 dal\u012bbnieka intereses, veicin\u0101t ikviena izaugsmi atbilsto\u0161i n\u0101kotnes vajadz\u012bb\u0101m.<\/p>\n<h3><strong><em><u>M\u0113r\u0137is<\/u><\/em><\/strong><\/h3>\n<p>Izaudzin\u0101t harmoniski att\u012bst\u012btas, patst\u0101v\u012bgi dom\u0101jo\u0161as un rado\u0161as person\u012bbas, kas:<\/p>\n<p>&#8211; veido cie\u0146pilnas attiec\u012bbas un sadarbojas ar citiem;<\/p>\n<p>&#8211; izprot, respekt\u0113 un risina kompleksas probl\u0113mas;<\/p>\n<p>&#8211; prot un v\u0113las patst\u0101v\u012bgi m\u0101c\u012bties m\u016b\u017ea garum\u0101.<\/p>\n<h3><strong>Uzdevumi<\/strong><\/h3>\n<ul>\n<li>\u012astenot visp\u0101r\u0113j\u0101s pamatizgl\u012bt\u012bbas programmu, speci\u0101l\u0101s pamatizgl\u012bt\u012bbas programmu izgl\u012btojamajiem ar m\u0101c\u012b\u0161an\u0101s trauc\u0113jumiem, pirmsskolas izgl\u012bt\u012bbas programmu, speci\u0101l\u0101s pirmsskolas izgl\u012bt\u012bbas programmu izgl\u012btojamajiem ar jauktajiem att\u012bst\u012bbas trauc\u0113jumiem un intere\u0161u izgl\u012bt\u012bbas programmas.<\/li>\n<li>Izv\u0113l\u0113ties m\u0101c\u012bbu un audzin\u0101\u0161anas darba metodes un formas, kas sekm\u0113 izgl\u012btojam\u0101 person\u012bbas vispus\u012bgu un harmonisku izaugsmi un ir orient\u0113tas uz sabiedr\u012bb\u0101 piepras\u012bt\u0101m prasm\u0113m: rado\u0161umu, sadarb\u012bbu, m\u0101c\u012b\u0161anos m\u0101c\u012bties.<\/li>\n<li>Nodro\u0161in\u0101t izgl\u012btojamajiem iesp\u0113ju ieg\u016bt kvalitat\u012bvu un konkur\u0113tsp\u0113j\u012bgas zin\u0101\u0161anas, k\u0101 ar\u012b apg\u016bt kvalitat\u012bvai darb\u012bbai nepiecie\u0161am\u0101s prasmes un attieksmes.<\/li>\n<li>Sagatavot un motiv\u0113t izgl\u012btojamos izgl\u012bt\u012bbas turpin\u0101\u0161anai n\u0101kamaj\u0101 izgl\u012bt\u012bbas pak\u0101p\u0113, un sniegt atbalstu karjeras izv\u0113l\u0113.<\/li>\n<li>Racion\u0101li izmantot skolas finan\u0161u, materi\u0101los, person\u0101la un inform\u0101cijas resursus.<\/li>\n<li>Sadarboties ar izgl\u012btojamo vec\u0101kiem vai person\u0101m, kuras realiz\u0113 vec\u0101ku varu (turpm\u0101k tekst\u0101 \u2013 vec\u0101ki), lai veidotu m\u0113r\u0137tiec\u012bgu, att\u012bst\u012bbu rosino\u0161u, pozit\u012bvu izgl\u012bt\u012bbas vidi.<\/li>\n<li>Sadarboties ar valsts un pa\u0161vald\u012bbu instit\u016bcij\u0101m un nevalstisk\u0101m organiz\u0101cij\u0101m skolas efekt\u012bvas darb\u012bbas nodro\u0161in\u0101\u0161anai.<\/li>\n<li>Pilnveidot atbalsta sist\u0113mu izgl\u012btojamo individu\u0101lo sp\u0113ju att\u012bst\u012bbai.<\/li>\n<\/ul>\n","protected":false},"excerpt":{"rendered":"<p>M\u016bsu skola k\u013c\u016bs par inovat\u012bvu m\u0101c\u012bbu iest\u0101di ar est\u0113tisku, dro\u0161u un atbalsto\u0161u vidi ikvienam skol\u0113nam, pedagogam un darbiniekam. Misija Nodro\u0161inot m\u016bsdien\u012bgu, atbalsto\u0161u, dro\u0161u vidi un respekt\u0113jot katra izgl\u012bt\u012bbas proces\u0101 iesaist\u012bt\u0101 dal\u012bbnieka intereses, veicin\u0101t ikviena izaugsmi atbilsto\u0161i n\u0101kotnes vajadz\u012bb\u0101m. M\u0113r\u0137is Izaudzin\u0101t harmoniski att\u012bst\u012btas, patst\u0101v\u012bgi dom\u0101jo\u0161as un rado\u0161as person\u012bbas, kas: &#8211; veido<span class=\"more-link\"><a href=\"https:\/\/www.lpskola.lv\/?page_id=834\">Uzzin\u0101t vair\u0101k<\/a><\/span><\/p>\n","protected":false},"author":4,"featured_media":0,"parent":0,"menu_order":0,"comment_status":"closed","ping_status":"closed","template":"","meta":{"footnotes":""},"class_list":["entry","author-ilze","post-834","page","type-page","status-publish"],"_links":{"self":[{"href":"https:\/\/www.lpskola.lv\/index.php?rest_route=\/wp\/v2\/pages\/834","targetHints":{"allow":["GET"]}}],"collection":[{"href":"https:\/\/www.lpskola.lv\/index.php?rest_route=\/wp\/v2\/pages"}],"about":[{"href":"https:\/\/www.lpskola.lv\/index.php?rest_route=\/wp\/v2\/types\/page"}],"author":[{"embeddable":true,"href":"https:\/\/www.lpskola.lv\/index.php?rest_route=\/wp\/v2\/users\/4"}],"replies":[{"embeddable":true,"href":"https:\/\/www.lpskola.lv\/index.php?rest_route=%2Fwp%2Fv2%2Fcomments&post=834"}],"version-history":[{"count":4,"href":"https:\/\/www.lpskola.lv\/index.php?rest_route=\/wp\/v2\/pages\/834\/revisions"}],"predecessor-version":[{"id":2665,"href":"https:\/\/www.lpskola.lv\/index.php?rest_route=\/wp\/v2\/pages\/834\/revisions\/2665"}],"wp:attachment":[{"href":"https:\/\/www.lpskola.lv\/index.php?rest_route=%2Fwp%2Fv2%2Fmedia&parent=834"}],"curies":[{"name":"wp","href":"https:\/\/api.w.org\/{rel}","templated":true}]}}