{"id":40,"date":"2025-09-16T08:34:57","date_gmt":"2025-09-16T08:34:57","guid":{"rendered":"https:\/\/www.lpskola.lv\/?page_id=40"},"modified":"2026-02-09T12:35:23","modified_gmt":"2026-02-09T12:35:23","slug":"interesu-izglitiba","status":"publish","type":"page","link":"https:\/\/www.lpskola.lv\/?page_id=40","title":{"rendered":"Intere\u0161u izgl\u012bt\u012bba"},"content":{"rendered":"<p>Intere\u0161u izgl\u012bt\u012bbas galvenais m\u0113r\u0137is ir att\u012bst\u012bt skol\u0113nu sp\u0113jas un talantus, populariz\u0113t vesel\u012bgu dz\u012bvesveidu, dot iesp\u0113ju darboties un interesanti pavad\u012bt savu br\u012bvo laiku.<\/p>\n<p>No 2025.\/2026. m\u0101c\u012bbu gada intere\u0161u izgl\u012bt\u012bbas pulci\u0146u pied\u0101vajumu skol\u0101 un novad\u0101 var apskat\u012bt \u0161eit:\u00a0<a href=\"https:\/\/arpusklase.lv\/\" target=\"_blank\" rel=\"noopener\" data-saferedirecturl=\"https:\/\/www.google.com\/url?q=https:\/\/arpusklase.lv\/&amp;source=gmail&amp;ust=1770726157222000&amp;usg=AOvVaw3wnVm3K-KbLVgbO_enBPPa\">https:\/\/arpusklase.lv\/<\/a><\/p>\n<div dir=\"auto\">\n<p>&nbsp;<\/p>\n<p style=\"text-align: center;\">2025. gada 11. septembr\u012b Lielv\u0101rdes pamatskol\u0101 norisin\u0101j\u0101s Interesant\u0101 diena, kad sevi prezent\u0113ja skolas pulci\u0146i.<\/p>\n<p style=\"text-align: center;\">Skolas aktu z\u0101l\u0113 var\u0113ja iepaz\u012bties ar ansambli \u201cTauren\u012b\u0161i\u201d un folkloras pulci\u0146u \u201cAvoti\u0146\u0161\u201d. Skol\u0113ni kop\u0101 ar skolot\u0101ju Ingu un skolot\u0101ju Ivetu dzied\u0101ja, dejoja un rota\u013c\u0101j\u0101s.<\/p>\n<p style=\"text-align: center;\"><a href=\"https:\/\/www.lpskola.lv\/wp-content\/uploads\/2025\/09\/IMG-20250911-WA0024.jpg\"><img loading=\"lazy\" decoding=\"async\" class=\"alignnone wp-image-2923\" src=\"https:\/\/www.lpskola.lv\/wp-content\/uploads\/2025\/09\/IMG-20250911-WA0024-300x225.jpg\" alt=\"\" width=\"441\" height=\"331\" srcset=\"https:\/\/www.lpskola.lv\/wp-content\/uploads\/2025\/09\/IMG-20250911-WA0024-300x225.jpg 300w, https:\/\/www.lpskola.lv\/wp-content\/uploads\/2025\/09\/IMG-20250911-WA0024-1024x768.jpg 1024w, https:\/\/www.lpskola.lv\/wp-content\/uploads\/2025\/09\/IMG-20250911-WA0024-768x576.jpg 768w, https:\/\/www.lpskola.lv\/wp-content\/uploads\/2025\/09\/IMG-20250911-WA0024-1536x1152.jpg 1536w, https:\/\/www.lpskola.lv\/wp-content\/uploads\/2025\/09\/IMG-20250911-WA0024-465x349.jpg 465w, https:\/\/www.lpskola.lv\/wp-content\/uploads\/2025\/09\/IMG-20250911-WA0024-667x500.jpg 667w, https:\/\/www.lpskola.lv\/wp-content\/uploads\/2025\/09\/IMG-20250911-WA0024.jpg 1600w\" sizes=\"auto, (max-width: 441px) 100vw, 441px\" \/><\/a> <a href=\"https:\/\/www.lpskola.lv\/wp-content\/uploads\/2025\/09\/IMG-20250911-WA0023.jpg\"><img loading=\"lazy\" decoding=\"async\" class=\"alignnone wp-image-2924\" src=\"https:\/\/www.lpskola.lv\/wp-content\/uploads\/2025\/09\/IMG-20250911-WA0023-300x225.jpg\" alt=\"\" width=\"440\" height=\"330\" srcset=\"https:\/\/www.lpskola.lv\/wp-content\/uploads\/2025\/09\/IMG-20250911-WA0023-300x225.jpg 300w, https:\/\/www.lpskola.lv\/wp-content\/uploads\/2025\/09\/IMG-20250911-WA0023-1024x768.jpg 1024w, https:\/\/www.lpskola.lv\/wp-content\/uploads\/2025\/09\/IMG-20250911-WA0023-768x576.jpg 768w, https:\/\/www.lpskola.lv\/wp-content\/uploads\/2025\/09\/IMG-20250911-WA0023-1536x1152.jpg 1536w, https:\/\/www.lpskola.lv\/wp-content\/uploads\/2025\/09\/IMG-20250911-WA0023-465x349.jpg 465w, https:\/\/www.lpskola.lv\/wp-content\/uploads\/2025\/09\/IMG-20250911-WA0023-667x500.jpg 667w, https:\/\/www.lpskola.lv\/wp-content\/uploads\/2025\/09\/IMG-20250911-WA0023.jpg 1600w\" sizes=\"auto, (max-width: 440px) 100vw, 440px\" \/><\/a><img loading=\"lazy\" decoding=\"async\" class=\"wp-image-2950 aligncenter\" src=\"https:\/\/www.lpskola.lv\/wp-content\/uploads\/2025\/09\/547771188_122104709499003408_4870691671620155834_n-300x225.jpg\" alt=\"\" width=\"679\" height=\"509\" srcset=\"https:\/\/www.lpskola.lv\/wp-content\/uploads\/2025\/09\/547771188_122104709499003408_4870691671620155834_n-300x225.jpg 300w, https:\/\/www.lpskola.lv\/wp-content\/uploads\/2025\/09\/547771188_122104709499003408_4870691671620155834_n-1024x768.jpg 1024w, https:\/\/www.lpskola.lv\/wp-content\/uploads\/2025\/09\/547771188_122104709499003408_4870691671620155834_n-768x576.jpg 768w, https:\/\/www.lpskola.lv\/wp-content\/uploads\/2025\/09\/547771188_122104709499003408_4870691671620155834_n-1536x1152.jpg 1536w, https:\/\/www.lpskola.lv\/wp-content\/uploads\/2025\/09\/547771188_122104709499003408_4870691671620155834_n-465x349.jpg 465w, https:\/\/www.lpskola.lv\/wp-content\/uploads\/2025\/09\/547771188_122104709499003408_4870691671620155834_n-667x500.jpg 667w, https:\/\/www.lpskola.lv\/wp-content\/uploads\/2025\/09\/547771188_122104709499003408_4870691671620155834_n.jpg 2048w\" sizes=\"auto, (max-width: 679px) 100vw, 679px\" \/>\u0136\u012bmijas kabinet\u0101 interesenti gan v\u0113roja skolot\u0101jas Ineses eksperimentus, gan pa\u0161i tos veica.<\/p>\n<p style=\"text-align: center;\">Pulci\u0146\u0161 \u201cJaunie p\u0113tnieki\u201d.<\/p>\n<p style=\"text-align: center;\"><a href=\"https:\/\/www.lpskola.lv\/wp-content\/uploads\/2025\/09\/IMG-20250911-WA0020.jpg\"><img loading=\"lazy\" decoding=\"async\" class=\"alignnone wp-image-2927\" src=\"https:\/\/www.lpskola.lv\/wp-content\/uploads\/2025\/09\/IMG-20250911-WA0020-225x300.jpg\" alt=\"\" width=\"442\" height=\"589\" srcset=\"https:\/\/www.lpskola.lv\/wp-content\/uploads\/2025\/09\/IMG-20250911-WA0020-225x300.jpg 225w, https:\/\/www.lpskola.lv\/wp-content\/uploads\/2025\/09\/IMG-20250911-WA0020-768x1024.jpg 768w, https:\/\/www.lpskola.lv\/wp-content\/uploads\/2025\/09\/IMG-20250911-WA0020-1152x1536.jpg 1152w, https:\/\/www.lpskola.lv\/wp-content\/uploads\/2025\/09\/IMG-20250911-WA0020-413x550.jpg 413w, https:\/\/www.lpskola.lv\/wp-content\/uploads\/2025\/09\/IMG-20250911-WA0020-375x500.jpg 375w, https:\/\/www.lpskola.lv\/wp-content\/uploads\/2025\/09\/IMG-20250911-WA0020.jpg 1536w\" sizes=\"auto, (max-width: 442px) 100vw, 442px\" \/><\/a> <a href=\"https:\/\/www.lpskola.lv\/wp-content\/uploads\/2025\/09\/IMG-20250911-WA0021.jpg\"><img loading=\"lazy\" decoding=\"async\" class=\"alignnone wp-image-2926\" src=\"https:\/\/www.lpskola.lv\/wp-content\/uploads\/2025\/09\/IMG-20250911-WA0021-225x300.jpg\" alt=\"\" width=\"440\" height=\"587\" srcset=\"https:\/\/www.lpskola.lv\/wp-content\/uploads\/2025\/09\/IMG-20250911-WA0021-225x300.jpg 225w, https:\/\/www.lpskola.lv\/wp-content\/uploads\/2025\/09\/IMG-20250911-WA0021-768x1024.jpg 768w, https:\/\/www.lpskola.lv\/wp-content\/uploads\/2025\/09\/IMG-20250911-WA0021-1152x1536.jpg 1152w, https:\/\/www.lpskola.lv\/wp-content\/uploads\/2025\/09\/IMG-20250911-WA0021-413x550.jpg 413w, https:\/\/www.lpskola.lv\/wp-content\/uploads\/2025\/09\/IMG-20250911-WA0021-375x500.jpg 375w, https:\/\/www.lpskola.lv\/wp-content\/uploads\/2025\/09\/IMG-20250911-WA0021.jpg 1536w\" sizes=\"auto, (max-width: 440px) 100vw, 440px\" \/><\/a><\/p>\n<p>&nbsp;<\/p>\n<p><a href=\"https:\/\/www.lpskola.lv\/wp-content\/uploads\/2025\/09\/IMG-20250911-WA0022.jpg\"><img loading=\"lazy\" decoding=\"async\" class=\"wp-image-2925 aligncenter\" src=\"https:\/\/www.lpskola.lv\/wp-content\/uploads\/2025\/09\/IMG-20250911-WA0022-300x225.jpg\" alt=\"\" width=\"731\" height=\"548\" srcset=\"https:\/\/www.lpskola.lv\/wp-content\/uploads\/2025\/09\/IMG-20250911-WA0022-300x225.jpg 300w, https:\/\/www.lpskola.lv\/wp-content\/uploads\/2025\/09\/IMG-20250911-WA0022-1024x768.jpg 1024w, https:\/\/www.lpskola.lv\/wp-content\/uploads\/2025\/09\/IMG-20250911-WA0022-768x576.jpg 768w, https:\/\/www.lpskola.lv\/wp-content\/uploads\/2025\/09\/IMG-20250911-WA0022-1536x1152.jpg 1536w, https:\/\/www.lpskola.lv\/wp-content\/uploads\/2025\/09\/IMG-20250911-WA0022-465x349.jpg 465w, https:\/\/www.lpskola.lv\/wp-content\/uploads\/2025\/09\/IMG-20250911-WA0022-667x500.jpg 667w, https:\/\/www.lpskola.lv\/wp-content\/uploads\/2025\/09\/IMG-20250911-WA0022.jpg 1600w\" sizes=\"auto, (max-width: 731px) 100vw, 731px\" \/><\/a><\/p>\n<p style=\"text-align: center;\">Improviz\u0101cijas te\u0101tra pulci\u0146a dal\u012bbnieces iepaz\u012bstin\u0101ja jaunos interesentus ar to, k\u0101 notiek nodarb\u012bbas un k\u0101das aktivit\u0101tes vi\u0146i kop\u0101 veic.<\/p>\n<p><a href=\"https:\/\/www.lpskola.lv\/wp-content\/uploads\/2025\/09\/IMG-20250911-WA0011.jpg\"><img loading=\"lazy\" decoding=\"async\" class=\"alignnone wp-image-2928\" src=\"https:\/\/www.lpskola.lv\/wp-content\/uploads\/2025\/09\/IMG-20250911-WA0011-226x300.jpg\" alt=\"\" width=\"428\" height=\"568\" srcset=\"https:\/\/www.lpskola.lv\/wp-content\/uploads\/2025\/09\/IMG-20250911-WA0011-226x300.jpg 226w, https:\/\/www.lpskola.lv\/wp-content\/uploads\/2025\/09\/IMG-20250911-WA0011-771x1024.jpg 771w, https:\/\/www.lpskola.lv\/wp-content\/uploads\/2025\/09\/IMG-20250911-WA0011-768x1020.jpg 768w, https:\/\/www.lpskola.lv\/wp-content\/uploads\/2025\/09\/IMG-20250911-WA0011-1157x1536.jpg 1157w, https:\/\/www.lpskola.lv\/wp-content\/uploads\/2025\/09\/IMG-20250911-WA0011-414x550.jpg 414w, https:\/\/www.lpskola.lv\/wp-content\/uploads\/2025\/09\/IMG-20250911-WA0011-376x500.jpg 376w, https:\/\/www.lpskola.lv\/wp-content\/uploads\/2025\/09\/IMG-20250911-WA0011.jpg 1536w\" sizes=\"auto, (max-width: 428px) 100vw, 428px\" \/><\/a> <a href=\"https:\/\/www.lpskola.lv\/wp-content\/uploads\/2025\/09\/Screenshot_20250911_193957_WhatsApp.jpg\"><img loading=\"lazy\" decoding=\"async\" class=\" wp-image-2931 alignright\" src=\"https:\/\/www.lpskola.lv\/wp-content\/uploads\/2025\/09\/Screenshot_20250911_193957_WhatsApp-138x300.jpg\" alt=\"\" width=\"254\" height=\"552\" \/><\/a><\/p>\n<p><a href=\"https:\/\/www.lpskola.lv\/wp-content\/uploads\/2025\/09\/Screenshot_20250911_194027_WhatsApp.jpg\"><img loading=\"lazy\" decoding=\"async\" class=\"alignnone wp-image-2930\" src=\"https:\/\/www.lpskola.lv\/wp-content\/uploads\/2025\/09\/Screenshot_20250911_194027_WhatsApp-300x159.jpg\" alt=\"\" width=\"455\" height=\"241\" srcset=\"https:\/\/www.lpskola.lv\/wp-content\/uploads\/2025\/09\/Screenshot_20250911_194027_WhatsApp-300x159.jpg 300w, https:\/\/www.lpskola.lv\/wp-content\/uploads\/2025\/09\/Screenshot_20250911_194027_WhatsApp-1024x541.jpg 1024w, https:\/\/www.lpskola.lv\/wp-content\/uploads\/2025\/09\/Screenshot_20250911_194027_WhatsApp-768x406.jpg 768w, https:\/\/www.lpskola.lv\/wp-content\/uploads\/2025\/09\/Screenshot_20250911_194027_WhatsApp-465x246.jpg 465w, https:\/\/www.lpskola.lv\/wp-content\/uploads\/2025\/09\/Screenshot_20250911_194027_WhatsApp-695x367.jpg 695w, https:\/\/www.lpskola.lv\/wp-content\/uploads\/2025\/09\/Screenshot_20250911_194027_WhatsApp.jpg 1080w\" sizes=\"auto, (max-width: 455px) 100vw, 455px\" \/><\/a> <a href=\"https:\/\/www.lpskola.lv\/wp-content\/uploads\/2025\/09\/Screenshot_20250911_194045_WhatsApp.jpg\"><img loading=\"lazy\" decoding=\"async\" class=\"alignnone wp-image-2929\" src=\"https:\/\/www.lpskola.lv\/wp-content\/uploads\/2025\/09\/Screenshot_20250911_194045_WhatsApp-300x164.jpg\" alt=\"\" width=\"441\" height=\"241\" srcset=\"https:\/\/www.lpskola.lv\/wp-content\/uploads\/2025\/09\/Screenshot_20250911_194045_WhatsApp-300x164.jpg 300w, https:\/\/www.lpskola.lv\/wp-content\/uploads\/2025\/09\/Screenshot_20250911_194045_WhatsApp-1024x559.jpg 1024w, https:\/\/www.lpskola.lv\/wp-content\/uploads\/2025\/09\/Screenshot_20250911_194045_WhatsApp-768x420.jpg 768w, https:\/\/www.lpskola.lv\/wp-content\/uploads\/2025\/09\/Screenshot_20250911_194045_WhatsApp-465x254.jpg 465w, https:\/\/www.lpskola.lv\/wp-content\/uploads\/2025\/09\/Screenshot_20250911_194045_WhatsApp-695x380.jpg 695w, https:\/\/www.lpskola.lv\/wp-content\/uploads\/2025\/09\/Screenshot_20250911_194045_WhatsApp.jpg 1080w\" sizes=\"auto, (max-width: 441px) 100vw, 441px\" \/><\/a><\/p>\n<p style=\"text-align: center;\">2.a klases kabinet\u0101 skol\u0113ni kop\u0101 ar skolot\u0101ju Andru \u010dakli darboj\u0101s pulci\u0146\u0101 \u201cTinu, pinu\u201d.<br \/>\n<a href=\"https:\/\/www.lpskola.lv\/wp-content\/uploads\/2025\/09\/547508390_122104709547003408_1919716605684462189_n.jpg\"><img loading=\"lazy\" decoding=\"async\" class=\"wp-image-2951 aligncenter\" src=\"https:\/\/www.lpskola.lv\/wp-content\/uploads\/2025\/09\/547508390_122104709547003408_1919716605684462189_n-300x225.jpg\" alt=\"\" width=\"763\" height=\"572\" srcset=\"https:\/\/www.lpskola.lv\/wp-content\/uploads\/2025\/09\/547508390_122104709547003408_1919716605684462189_n-300x225.jpg 300w, https:\/\/www.lpskola.lv\/wp-content\/uploads\/2025\/09\/547508390_122104709547003408_1919716605684462189_n-1024x768.jpg 1024w, https:\/\/www.lpskola.lv\/wp-content\/uploads\/2025\/09\/547508390_122104709547003408_1919716605684462189_n-768x576.jpg 768w, https:\/\/www.lpskola.lv\/wp-content\/uploads\/2025\/09\/547508390_122104709547003408_1919716605684462189_n-1536x1152.jpg 1536w, https:\/\/www.lpskola.lv\/wp-content\/uploads\/2025\/09\/547508390_122104709547003408_1919716605684462189_n-465x349.jpg 465w, https:\/\/www.lpskola.lv\/wp-content\/uploads\/2025\/09\/547508390_122104709547003408_1919716605684462189_n-667x500.jpg 667w, https:\/\/www.lpskola.lv\/wp-content\/uploads\/2025\/09\/547508390_122104709547003408_1919716605684462189_n.jpg 2048w\" sizes=\"auto, (max-width: 763px) 100vw, 763px\" \/><\/a><\/p>\n<p style=\"text-align: center;\">Dizaina un tehnolo\u0123iju kabinet\u0101 ros\u012bj\u0101s skolot\u0101ja Inta un \u010daklie pirksti\u0146i \u2013 no dzijas tapa mazi, jautri t\u0101rpi\u0146i.<\/p>\n<p style=\"text-align: center;\">Pulci\u0146\u0161 \u201c\u010caklie pirksti\u0146i\u201d.<\/p>\n<p><a href=\"https:\/\/www.lpskola.lv\/wp-content\/uploads\/2025\/09\/IMG-20250911-WA0010-1.jpg\"><img loading=\"lazy\" decoding=\"async\" class=\"alignnone wp-image-2932\" src=\"https:\/\/www.lpskola.lv\/wp-content\/uploads\/2025\/09\/IMG-20250911-WA0010-1-300x225.jpg\" alt=\"\" width=\"452\" height=\"339\" srcset=\"https:\/\/www.lpskola.lv\/wp-content\/uploads\/2025\/09\/IMG-20250911-WA0010-1-300x225.jpg 300w, https:\/\/www.lpskola.lv\/wp-content\/uploads\/2025\/09\/IMG-20250911-WA0010-1-1024x768.jpg 1024w, https:\/\/www.lpskola.lv\/wp-content\/uploads\/2025\/09\/IMG-20250911-WA0010-1-768x576.jpg 768w, https:\/\/www.lpskola.lv\/wp-content\/uploads\/2025\/09\/IMG-20250911-WA0010-1-1536x1152.jpg 1536w, https:\/\/www.lpskola.lv\/wp-content\/uploads\/2025\/09\/IMG-20250911-WA0010-1-465x349.jpg 465w, https:\/\/www.lpskola.lv\/wp-content\/uploads\/2025\/09\/IMG-20250911-WA0010-1-667x500.jpg 667w, https:\/\/www.lpskola.lv\/wp-content\/uploads\/2025\/09\/IMG-20250911-WA0010-1.jpg 1600w\" sizes=\"auto, (max-width: 452px) 100vw, 452px\" \/><\/a> <a href=\"https:\/\/www.lpskola.lv\/wp-content\/uploads\/2025\/09\/IMG-20250911-WA0009-1.jpg\"><img loading=\"lazy\" decoding=\"async\" class=\"alignnone wp-image-2933\" src=\"https:\/\/www.lpskola.lv\/wp-content\/uploads\/2025\/09\/IMG-20250911-WA0009-1-300x225.jpg\" alt=\"\" width=\"445\" height=\"334\" srcset=\"https:\/\/www.lpskola.lv\/wp-content\/uploads\/2025\/09\/IMG-20250911-WA0009-1-300x225.jpg 300w, https:\/\/www.lpskola.lv\/wp-content\/uploads\/2025\/09\/IMG-20250911-WA0009-1-1024x768.jpg 1024w, https:\/\/www.lpskola.lv\/wp-content\/uploads\/2025\/09\/IMG-20250911-WA0009-1-768x576.jpg 768w, https:\/\/www.lpskola.lv\/wp-content\/uploads\/2025\/09\/IMG-20250911-WA0009-1-1536x1152.jpg 1536w, https:\/\/www.lpskola.lv\/wp-content\/uploads\/2025\/09\/IMG-20250911-WA0009-1-465x349.jpg 465w, https:\/\/www.lpskola.lv\/wp-content\/uploads\/2025\/09\/IMG-20250911-WA0009-1-667x500.jpg 667w, https:\/\/www.lpskola.lv\/wp-content\/uploads\/2025\/09\/IMG-20250911-WA0009-1.jpg 1600w\" sizes=\"auto, (max-width: 445px) 100vw, 445px\" \/><\/a><\/p>\n<p><a href=\"https:\/\/www.lpskola.lv\/wp-content\/uploads\/2025\/09\/IMG-20250911-WA0008-1.jpg\"><img loading=\"lazy\" decoding=\"async\" class=\"alignnone wp-image-2934\" src=\"https:\/\/www.lpskola.lv\/wp-content\/uploads\/2025\/09\/IMG-20250911-WA0008-1-300x225.jpg\" alt=\"\" width=\"452\" height=\"339\" srcset=\"https:\/\/www.lpskola.lv\/wp-content\/uploads\/2025\/09\/IMG-20250911-WA0008-1-300x225.jpg 300w, https:\/\/www.lpskola.lv\/wp-content\/uploads\/2025\/09\/IMG-20250911-WA0008-1-1024x768.jpg 1024w, https:\/\/www.lpskola.lv\/wp-content\/uploads\/2025\/09\/IMG-20250911-WA0008-1-768x576.jpg 768w, https:\/\/www.lpskola.lv\/wp-content\/uploads\/2025\/09\/IMG-20250911-WA0008-1-1536x1152.jpg 1536w, https:\/\/www.lpskola.lv\/wp-content\/uploads\/2025\/09\/IMG-20250911-WA0008-1-465x349.jpg 465w, https:\/\/www.lpskola.lv\/wp-content\/uploads\/2025\/09\/IMG-20250911-WA0008-1-667x500.jpg 667w, https:\/\/www.lpskola.lv\/wp-content\/uploads\/2025\/09\/IMG-20250911-WA0008-1.jpg 1600w\" sizes=\"auto, (max-width: 452px) 100vw, 452px\" \/><\/a> <a href=\"https:\/\/www.lpskola.lv\/wp-content\/uploads\/2025\/09\/IMG-20250911-WA0007-1.jpg\"><img loading=\"lazy\" decoding=\"async\" class=\"alignnone wp-image-2935\" src=\"https:\/\/www.lpskola.lv\/wp-content\/uploads\/2025\/09\/IMG-20250911-WA0007-1-300x225.jpg\" alt=\"\" width=\"447\" height=\"335\" srcset=\"https:\/\/www.lpskola.lv\/wp-content\/uploads\/2025\/09\/IMG-20250911-WA0007-1-300x225.jpg 300w, https:\/\/www.lpskola.lv\/wp-content\/uploads\/2025\/09\/IMG-20250911-WA0007-1-1024x768.jpg 1024w, https:\/\/www.lpskola.lv\/wp-content\/uploads\/2025\/09\/IMG-20250911-WA0007-1-768x576.jpg 768w, https:\/\/www.lpskola.lv\/wp-content\/uploads\/2025\/09\/IMG-20250911-WA0007-1-1536x1152.jpg 1536w, https:\/\/www.lpskola.lv\/wp-content\/uploads\/2025\/09\/IMG-20250911-WA0007-1-465x349.jpg 465w, https:\/\/www.lpskola.lv\/wp-content\/uploads\/2025\/09\/IMG-20250911-WA0007-1-667x500.jpg 667w, https:\/\/www.lpskola.lv\/wp-content\/uploads\/2025\/09\/IMG-20250911-WA0007-1.jpg 1600w\" sizes=\"auto, (max-width: 447px) 100vw, 447px\" \/><\/a><\/p>\n<p style=\"text-align: center;\">Vizu\u0101l\u0101s m\u0101kslas kabinet\u0101 vald\u012bja rado\u0161a atmosf\u0113ra \u2013 jaunie m\u0101kslinieki kop\u0101 ar skolot\u0101ju Ilzi iem\u0113\u0123in\u0101ja marmoriz\u0113\u0161anas tehniku un ar prieku rad\u012bja savus unik\u0101los darbus.<\/p>\n<p><img loading=\"lazy\" decoding=\"async\" class=\"alignnone wp-image-2943\" src=\"https:\/\/www.lpskola.lv\/wp-content\/uploads\/2025\/09\/IMG-20250911-WA0027-138x300.jpg\" alt=\"\" width=\"218\" height=\"474\" srcset=\"https:\/\/www.lpskola.lv\/wp-content\/uploads\/2025\/09\/IMG-20250911-WA0027-138x300.jpg 138w, https:\/\/www.lpskola.lv\/wp-content\/uploads\/2025\/09\/IMG-20250911-WA0027-472x1024.jpg 472w, https:\/\/www.lpskola.lv\/wp-content\/uploads\/2025\/09\/IMG-20250911-WA0027-708x1536.jpg 708w, https:\/\/www.lpskola.lv\/wp-content\/uploads\/2025\/09\/IMG-20250911-WA0027-253x550.jpg 253w, https:\/\/www.lpskola.lv\/wp-content\/uploads\/2025\/09\/IMG-20250911-WA0027-230x500.jpg 230w, https:\/\/www.lpskola.lv\/wp-content\/uploads\/2025\/09\/IMG-20250911-WA0027.jpg 737w\" sizes=\"auto, (max-width: 218px) 100vw, 218px\" \/> \u00a0 <img loading=\"lazy\" decoding=\"async\" class=\"alignnone wp-image-2944\" src=\"https:\/\/www.lpskola.lv\/wp-content\/uploads\/2025\/09\/IMG-20250911-WA0032-138x300.jpg\" alt=\"\" width=\"217\" height=\"472\" srcset=\"https:\/\/www.lpskola.lv\/wp-content\/uploads\/2025\/09\/IMG-20250911-WA0032-138x300.jpg 138w, https:\/\/www.lpskola.lv\/wp-content\/uploads\/2025\/09\/IMG-20250911-WA0032-472x1024.jpg 472w, https:\/\/www.lpskola.lv\/wp-content\/uploads\/2025\/09\/IMG-20250911-WA0032-708x1536.jpg 708w\" sizes=\"auto, (max-width: 217px) 100vw, 217px\" \/> \u00a0 <img loading=\"lazy\" decoding=\"async\" class=\"alignnone wp-image-2942\" src=\"https:\/\/www.lpskola.lv\/wp-content\/uploads\/2025\/09\/IMG-20250911-WA0033-138x300.jpg\" alt=\"\" width=\"217\" height=\"472\" srcset=\"https:\/\/www.lpskola.lv\/wp-content\/uploads\/2025\/09\/IMG-20250911-WA0033-138x300.jpg 138w, https:\/\/www.lpskola.lv\/wp-content\/uploads\/2025\/09\/IMG-20250911-WA0033-472x1024.jpg 472w, https:\/\/www.lpskola.lv\/wp-content\/uploads\/2025\/09\/IMG-20250911-WA0033-708x1536.jpg 708w\" sizes=\"auto, (max-width: 217px) 100vw, 217px\" \/> \u00a0 <img loading=\"lazy\" decoding=\"async\" class=\"alignnone wp-image-2946\" src=\"https:\/\/www.lpskola.lv\/wp-content\/uploads\/2025\/09\/IMG-20250911-WA0037-138x300.jpg\" alt=\"\" width=\"217\" height=\"472\" srcset=\"https:\/\/www.lpskola.lv\/wp-content\/uploads\/2025\/09\/IMG-20250911-WA0037-138x300.jpg 138w, https:\/\/www.lpskola.lv\/wp-content\/uploads\/2025\/09\/IMG-20250911-WA0037-472x1024.jpg 472w, https:\/\/www.lpskola.lv\/wp-content\/uploads\/2025\/09\/IMG-20250911-WA0037-708x1536.jpg 708w\" sizes=\"auto, (max-width: 217px) 100vw, 217px\" \/><\/p>\n<p><img loading=\"lazy\" decoding=\"async\" class=\"alignnone wp-image-2940\" src=\"https:\/\/www.lpskola.lv\/wp-content\/uploads\/2025\/09\/IMG-20250911-WA0034-138x300.jpg\" alt=\"\" width=\"217\" height=\"472\" srcset=\"https:\/\/www.lpskola.lv\/wp-content\/uploads\/2025\/09\/IMG-20250911-WA0034-138x300.jpg 138w, https:\/\/www.lpskola.lv\/wp-content\/uploads\/2025\/09\/IMG-20250911-WA0034-472x1024.jpg 472w, https:\/\/www.lpskola.lv\/wp-content\/uploads\/2025\/09\/IMG-20250911-WA0034-708x1536.jpg 708w\" sizes=\"auto, (max-width: 217px) 100vw, 217px\" \/>\u00a0 <a href=\"https:\/\/www.lpskola.lv\/wp-content\/uploads\/2025\/09\/IMG-20250911-WA0036.jpg\"><img loading=\"lazy\" decoding=\"async\" class=\"alignnone wp-image-2945\" src=\"https:\/\/www.lpskola.lv\/wp-content\/uploads\/2025\/09\/IMG-20250911-WA0036-138x300.jpg\" alt=\"\" width=\"218\" height=\"474\" srcset=\"https:\/\/www.lpskola.lv\/wp-content\/uploads\/2025\/09\/IMG-20250911-WA0036-138x300.jpg 138w, https:\/\/www.lpskola.lv\/wp-content\/uploads\/2025\/09\/IMG-20250911-WA0036-472x1024.jpg 472w, https:\/\/www.lpskola.lv\/wp-content\/uploads\/2025\/09\/IMG-20250911-WA0036-708x1536.jpg 708w, https:\/\/www.lpskola.lv\/wp-content\/uploads\/2025\/09\/IMG-20250911-WA0036.jpg 738w\" sizes=\"auto, (max-width: 218px) 100vw, 218px\" \/><\/a>\u00a0\u00a0<a href=\"https:\/\/www.lpskola.lv\/wp-content\/uploads\/2025\/09\/IMG-20250911-WA0038.jpg\"><img loading=\"lazy\" decoding=\"async\" class=\"alignnone wp-image-2941\" src=\"https:\/\/www.lpskola.lv\/wp-content\/uploads\/2025\/09\/IMG-20250911-WA0038-138x300.jpg\" alt=\"\" width=\"217\" height=\"471\" srcset=\"https:\/\/www.lpskola.lv\/wp-content\/uploads\/2025\/09\/IMG-20250911-WA0038-138x300.jpg 138w, https:\/\/www.lpskola.lv\/wp-content\/uploads\/2025\/09\/IMG-20250911-WA0038-472x1024.jpg 472w, https:\/\/www.lpskola.lv\/wp-content\/uploads\/2025\/09\/IMG-20250911-WA0038-708x1536.jpg 708w, https:\/\/www.lpskola.lv\/wp-content\/uploads\/2025\/09\/IMG-20250911-WA0038-254x550.jpg 254w, https:\/\/www.lpskola.lv\/wp-content\/uploads\/2025\/09\/IMG-20250911-WA0038-231x500.jpg 231w, https:\/\/www.lpskola.lv\/wp-content\/uploads\/2025\/09\/IMG-20250911-WA0038.jpg 738w\" sizes=\"auto, (max-width: 217px) 100vw, 217px\" \/>\u00a0<\/a> \u00a0<a href=\"https:\/\/www.lpskola.lv\/wp-content\/uploads\/2025\/09\/IMG-20250911-WA0035.jpg\"><img loading=\"lazy\" decoding=\"async\" class=\"alignnone wp-image-2939\" src=\"https:\/\/www.lpskola.lv\/wp-content\/uploads\/2025\/09\/IMG-20250911-WA0035-138x300.jpg\" alt=\"\" width=\"216\" height=\"470\" srcset=\"https:\/\/www.lpskola.lv\/wp-content\/uploads\/2025\/09\/IMG-20250911-WA0035-138x300.jpg 138w, https:\/\/www.lpskola.lv\/wp-content\/uploads\/2025\/09\/IMG-20250911-WA0035-472x1024.jpg 472w, https:\/\/www.lpskola.lv\/wp-content\/uploads\/2025\/09\/IMG-20250911-WA0035-708x1536.jpg 708w\" sizes=\"auto, (max-width: 216px) 100vw, 216px\" \/><\/a><\/p>\n<p><a href=\"https:\/\/www.lpskola.lv\/wp-content\/uploads\/2025\/09\/20250911_171443-1-scaled.jpg\"><img loading=\"lazy\" decoding=\"async\" class=\"wp-image-2937 aligncenter\" src=\"https:\/\/www.lpskola.lv\/wp-content\/uploads\/2025\/09\/20250911_171443-1-300x169.jpg\" alt=\"\" width=\"891\" height=\"502\" srcset=\"https:\/\/www.lpskola.lv\/wp-content\/uploads\/2025\/09\/20250911_171443-1-300x169.jpg 300w, https:\/\/www.lpskola.lv\/wp-content\/uploads\/2025\/09\/20250911_171443-1-1024x576.jpg 1024w, https:\/\/www.lpskola.lv\/wp-content\/uploads\/2025\/09\/20250911_171443-1-768x432.jpg 768w, https:\/\/www.lpskola.lv\/wp-content\/uploads\/2025\/09\/20250911_171443-1-1536x864.jpg 1536w, https:\/\/www.lpskola.lv\/wp-content\/uploads\/2025\/09\/20250911_171443-1-2048x1152.jpg 2048w, https:\/\/www.lpskola.lv\/wp-content\/uploads\/2025\/09\/20250911_171443-1-465x262.jpg 465w, https:\/\/www.lpskola.lv\/wp-content\/uploads\/2025\/09\/20250911_171443-1-695x391.jpg 695w\" sizes=\"auto, (max-width: 891px) 100vw, 891px\" \/><\/a><\/p>\n<p>&nbsp;<\/p>\n<p style=\"text-align: right;\"><a href=\"https:\/\/www.lpskola.lv\/wp-content\/uploads\/2025\/09\/WhatsApp-Image-2025-09-08-at-10.38.35.jpeg\"><img loading=\"lazy\" decoding=\"async\" class=\"wp-image-2869 alignnone\" src=\"https:\/\/www.lpskola.lv\/wp-content\/uploads\/2025\/09\/WhatsApp-Image-2025-09-08-at-10.38.35-213x300.jpeg\" alt=\"\" width=\"194\" height=\"273\" srcset=\"https:\/\/www.lpskola.lv\/wp-content\/uploads\/2025\/09\/WhatsApp-Image-2025-09-08-at-10.38.35-213x300.jpeg 213w, https:\/\/www.lpskola.lv\/wp-content\/uploads\/2025\/09\/WhatsApp-Image-2025-09-08-at-10.38.35-729x1024.jpeg 729w, https:\/\/www.lpskola.lv\/wp-content\/uploads\/2025\/09\/WhatsApp-Image-2025-09-08-at-10.38.35-768x1079.jpeg 768w, https:\/\/www.lpskola.lv\/wp-content\/uploads\/2025\/09\/WhatsApp-Image-2025-09-08-at-10.38.35-391x550.jpeg 391w, https:\/\/www.lpskola.lv\/wp-content\/uploads\/2025\/09\/WhatsApp-Image-2025-09-08-at-10.38.35-356x500.jpeg 356w, https:\/\/www.lpskola.lv\/wp-content\/uploads\/2025\/09\/WhatsApp-Image-2025-09-08-at-10.38.35.jpeg 962w\" sizes=\"auto, (max-width: 194px) 100vw, 194px\" \/><\/a> <em>Rakstu sagatavoja Ilze \u010cuibe &#8211; Oli\u0146a<\/em><\/p>\n<\/div>\n","protected":false},"excerpt":{"rendered":"<p>Intere\u0161u izgl\u012bt\u012bbas galvenais m\u0113r\u0137is ir att\u012bst\u012bt skol\u0113nu sp\u0113jas un talantus, populariz\u0113t vesel\u012bgu dz\u012bvesveidu, dot iesp\u0113ju darboties un interesanti pavad\u012bt savu br\u012bvo laiku. No 2025.\/2026. m\u0101c\u012bbu gada intere\u0161u izgl\u012bt\u012bbas pulci\u0146u pied\u0101vajumu skol\u0101 un novad\u0101 var apskat\u012bt \u0161eit:\u00a0https:\/\/arpusklase.lv\/ &nbsp; 2025. gada 11. septembr\u012b Lielv\u0101rdes pamatskol\u0101 norisin\u0101j\u0101s Interesant\u0101 diena, kad sevi prezent\u0113ja skolas<span class=\"more-link\"><a href=\"https:\/\/www.lpskola.lv\/?page_id=40\">Uzzin\u0101t vair\u0101k<\/a><\/span><\/p>\n","protected":false},"author":1,"featured_media":0,"parent":0,"menu_order":0,"comment_status":"closed","ping_status":"closed","template":"","meta":{"footnotes":""},"class_list":["entry","author-admin","post-40","page","type-page","status-publish"],"_links":{"self":[{"href":"https:\/\/www.lpskola.lv\/index.php?rest_route=\/wp\/v2\/pages\/40","targetHints":{"allow":["GET"]}}],"collection":[{"href":"https:\/\/www.lpskola.lv\/index.php?rest_route=\/wp\/v2\/pages"}],"about":[{"href":"https:\/\/www.lpskola.lv\/index.php?rest_route=\/wp\/v2\/types\/page"}],"author":[{"embeddable":true,"href":"https:\/\/www.lpskola.lv\/index.php?rest_route=\/wp\/v2\/users\/1"}],"replies":[{"embeddable":true,"href":"https:\/\/www.lpskola.lv\/index.php?rest_route=%2Fwp%2Fv2%2Fcomments&post=40"}],"version-history":[{"count":9,"href":"https:\/\/www.lpskola.lv\/index.php?rest_route=\/wp\/v2\/pages\/40\/revisions"}],"predecessor-version":[{"id":3819,"href":"https:\/\/www.lpskola.lv\/index.php?rest_route=\/wp\/v2\/pages\/40\/revisions\/3819"}],"wp:attachment":[{"href":"https:\/\/www.lpskola.lv\/index.php?rest_route=%2Fwp%2Fv2%2Fmedia&parent=40"}],"curies":[{"name":"wp","href":"https:\/\/api.w.org\/{rel}","templated":true}]}}