{"id":3584,"date":"2026-01-05T09:44:00","date_gmt":"2026-01-05T09:44:00","guid":{"rendered":"https:\/\/www.lpskola.lv\/?page_id=3584"},"modified":"2026-02-09T12:19:15","modified_gmt":"2026-02-09T12:19:15","slug":"pasakumu-plans","status":"publish","type":"page","link":"https:\/\/www.lpskola.lv\/?page_id=3584","title":{"rendered":"Pas\u0101kumu pl\u0101ns"},"content":{"rendered":"<h3 style=\"text-align: center;\"><strong><a href=\"https:\/\/www.lpskola.lv\/wp-content\/uploads\/2026\/02\/25.26_pasakumu-plans.pdf\">Lielv\u0101rdes pamatskolas pas\u0101kumu pl\u0101ns 2025.\/2026.m. g.<\/a><\/strong><\/h3>\n<h3 style=\"text-align: center;\"><strong><a href=\"https:\/\/www.lpskola.lv\/wp-content\/uploads\/2026\/02\/24.25_pasakumu-plans.pdf\">Lielv\u0101rdes pamatskolas pas\u0101kumu pl\u0101ns 2024.\/2025.m. g.<\/a><\/strong><\/h3>\n","protected":false},"excerpt":{"rendered":"<p>Lielv\u0101rdes pamatskolas pas\u0101kumu pl\u0101ns 2025.\/2026.m. g. Lielv\u0101rdes pamatskolas pas\u0101kumu pl\u0101ns 2024.\/2025.m. g.<span class=\"more-link\"><a href=\"https:\/\/www.lpskola.lv\/?page_id=3584\">Uzzin\u0101t vair\u0101k<\/a><\/span><\/p>\n","protected":false},"author":4,"featured_media":0,"parent":0,"menu_order":0,"comment_status":"closed","ping_status":"closed","template":"","meta":{"footnotes":""},"class_list":["entry","author-ilze","post-3584","page","type-page","status-publish"],"_links":{"self":[{"href":"https:\/\/www.lpskola.lv\/index.php?rest_route=\/wp\/v2\/pages\/3584","targetHints":{"allow":["GET"]}}],"collection":[{"href":"https:\/\/www.lpskola.lv\/index.php?rest_route=\/wp\/v2\/pages"}],"about":[{"href":"https:\/\/www.lpskola.lv\/index.php?rest_route=\/wp\/v2\/types\/page"}],"author":[{"embeddable":true,"href":"https:\/\/www.lpskola.lv\/index.php?rest_route=\/wp\/v2\/users\/4"}],"replies":[{"embeddable":true,"href":"https:\/\/www.lpskola.lv\/index.php?rest_route=%2Fwp%2Fv2%2Fcomments&post=3584"}],"version-history":[{"count":4,"href":"https:\/\/www.lpskola.lv\/index.php?rest_route=\/wp\/v2\/pages\/3584\/revisions"}],"predecessor-version":[{"id":3741,"href":"https:\/\/www.lpskola.lv\/index.php?rest_route=\/wp\/v2\/pages\/3584\/revisions\/3741"}],"wp:attachment":[{"href":"https:\/\/www.lpskola.lv\/index.php?rest_route=%2Fwp%2Fv2%2Fmedia&parent=3584"}],"curies":[{"name":"wp","href":"https:\/\/api.w.org\/{rel}","templated":true}]}}