{"id":308,"date":"2026-01-05T18:50:04","date_gmt":"2026-01-05T18:50:04","guid":{"rendered":"https:\/\/www.lpskola.lv\/?page_id=308"},"modified":"2026-02-08T13:53:09","modified_gmt":"2026-02-08T13:53:09","slug":"makulaturas-vaksanas-konkurss-tirai-latvijai","status":"publish","type":"page","link":"https:\/\/www.lpskola.lv\/?page_id=308","title":{"rendered":"Makulat\u016bras v\u0101k\u0161anas konkurss, izlietoto bateriju v\u0101k\u0161anas l\u012bga un maz\u0101s elektrotehnikas v\u0101k\u0161anas l\u012bga"},"content":{"rendered":"<p><img loading=\"lazy\" decoding=\"async\" class=\"wp-image-328 aligncenter\" src=\"https:\/\/www.lpskola.lv\/wp-content\/uploads\/2019\/10\/IMG_20190912_085607-300x225.jpg\" alt=\"\" width=\"351\" height=\"263\" srcset=\"https:\/\/www.lpskola.lv\/wp-content\/uploads\/2019\/10\/IMG_20190912_085607-300x225.jpg 300w, https:\/\/www.lpskola.lv\/wp-content\/uploads\/2019\/10\/IMG_20190912_085607-768x576.jpg 768w, https:\/\/www.lpskola.lv\/wp-content\/uploads\/2019\/10\/IMG_20190912_085607-1024x768.jpg 1024w\" sizes=\"auto, (max-width: 351px) 100vw, 351px\" \/><\/p>\n<p>Turpinot ies\u0101kto, ar\u012b \u0161aj\u0101 m\u0101c\u012bbu gad\u0101 iesaist\u012bsimies makulat\u016bras v\u0101k\u0161anas konkurs\u0101 sadarb\u012bb\u0101 ar SIA \u201cL\u012bgatnes pap\u012brs\u201d.<\/p>\n<p><strong>Ko dr\u012bkst nodot?<\/strong><br \/>\nKonkursa ietvaros var v\u0101kt biroja, kop\u0113jamo, piez\u012bmju, z\u012bm\u0113\u0161anas pap\u012bru, gr\u0101matas, av\u012bzes, \u017eurn\u0101lus, bukletus, katalogus, burtn\u012bcas, klades un saloc\u012btus kartona iepakojumus.<\/p>\n<p><strong><em>Konkursam netiek pie\u0146emtas fotogr\u0101fijas, izlietoti pap\u012bra trauki un uzl\u012bmes, k\u0101 ar\u012b slapja un net\u012bra makulat\u016bra.<\/em><\/strong><\/p>\n<h1 style=\"text-align: center;\"><strong>Esam kop\u0101 jau sav\u0101ku\u0161i 1350 kg makulat\u016bras!<\/strong><\/h1>\n<h3 style=\"text-align: center;\"><img loading=\"lazy\" decoding=\"async\" class=\"alignnone  wp-image-3738\" src=\"https:\/\/www.lpskola.lv\/wp-content\/uploads\/2026\/02\/baterijas-209x300.png\" alt=\"\" width=\"412\" height=\"591\" srcset=\"https:\/\/www.lpskola.lv\/wp-content\/uploads\/2026\/02\/baterijas-209x300.png 209w, https:\/\/www.lpskola.lv\/wp-content\/uploads\/2026\/02\/baterijas-384x550.png 384w, https:\/\/www.lpskola.lv\/wp-content\/uploads\/2026\/02\/baterijas-349x500.png 349w, https:\/\/www.lpskola.lv\/wp-content\/uploads\/2026\/02\/baterijas.png 546w\" sizes=\"auto, (max-width: 412px) 100vw, 412px\" \/> <img loading=\"lazy\" decoding=\"async\" class=\"\" src=\"https:\/\/tirailatvijai.lv\/wp-content\/uploads\/2025\/11\/Infografika_A4_web.jpg\" width=\"416\" height=\"589\" \/><\/h3>\n<p>&nbsp;<\/p>\n<h2 style=\"text-align: center;\"><\/h2>\n<h1><strong>\u00a0<\/strong><\/h1>\n<p style=\"text-align: center;\">\n","protected":false},"excerpt":{"rendered":"<p>Turpinot ies\u0101kto, ar\u012b \u0161aj\u0101 m\u0101c\u012bbu gad\u0101 iesaist\u012bsimies makulat\u016bras v\u0101k\u0161anas konkurs\u0101 sadarb\u012bb\u0101 ar SIA \u201cL\u012bgatnes pap\u012brs\u201d. Ko dr\u012bkst nodot? Konkursa ietvaros var v\u0101kt biroja, kop\u0113jamo, piez\u012bmju, z\u012bm\u0113\u0161anas pap\u012bru, gr\u0101matas, av\u012bzes, \u017eurn\u0101lus, bukletus, katalogus, burtn\u012bcas, klades un saloc\u012btus kartona iepakojumus. Konkursam netiek pie\u0146emtas fotogr\u0101fijas, izlietoti pap\u012bra trauki un uzl\u012bmes, k\u0101 ar\u012b slapja<span class=\"more-link\"><a href=\"https:\/\/www.lpskola.lv\/?page_id=308\">Uzzin\u0101t vair\u0101k<\/a><\/span><\/p>\n","protected":false},"author":4,"featured_media":0,"parent":0,"menu_order":0,"comment_status":"closed","ping_status":"closed","template":"","meta":{"footnotes":""},"class_list":["entry","author-ilze","post-308","page","type-page","status-publish"],"_links":{"self":[{"href":"https:\/\/www.lpskola.lv\/index.php?rest_route=\/wp\/v2\/pages\/308","targetHints":{"allow":["GET"]}}],"collection":[{"href":"https:\/\/www.lpskola.lv\/index.php?rest_route=\/wp\/v2\/pages"}],"about":[{"href":"https:\/\/www.lpskola.lv\/index.php?rest_route=\/wp\/v2\/types\/page"}],"author":[{"embeddable":true,"href":"https:\/\/www.lpskola.lv\/index.php?rest_route=\/wp\/v2\/users\/4"}],"replies":[{"embeddable":true,"href":"https:\/\/www.lpskola.lv\/index.php?rest_route=%2Fwp%2Fv2%2Fcomments&post=308"}],"version-history":[{"count":10,"href":"https:\/\/www.lpskola.lv\/index.php?rest_route=\/wp\/v2\/pages\/308\/revisions"}],"predecessor-version":[{"id":3739,"href":"https:\/\/www.lpskola.lv\/index.php?rest_route=\/wp\/v2\/pages\/308\/revisions\/3739"}],"wp:attachment":[{"href":"https:\/\/www.lpskola.lv\/index.php?rest_route=%2Fwp%2Fv2%2Fmedia&parent=308"}],"curies":[{"name":"wp","href":"https:\/\/api.w.org\/{rel}","templated":true}]}}