{"id":227,"date":"2024-10-20T19:17:30","date_gmt":"2024-10-20T19:17:30","guid":{"rendered":"https:\/\/www.lpskola.lv\/?page_id=227"},"modified":"2024-12-14T11:29:10","modified_gmt":"2024-12-14T11:29:10","slug":"karjeras-izglitiba","status":"publish","type":"page","link":"https:\/\/www.lpskola.lv\/?page_id=227","title":{"rendered":"Karjeras izgl\u012bt\u012bba"},"content":{"rendered":"<p><strong>Karjeras\u00a0\u00a0izgl\u012bt\u012bba<\/strong>\u00a0ir pl\u0101nots pas\u0101kumu, kursu un programmu nodro\u0161in\u0101jums izgl\u012bt\u012bbas iest\u0101d\u0113s, lai pal\u012bdz\u0113tu izgl\u012btojamajiem att\u012bst\u012bt prasmes savu intere\u0161u, sp\u0113ju un iesp\u0113ju sam\u0113ro\u0161an\u0101, savu karjeras m\u0113r\u0137u izvirz\u012b\u0161an\u0101, karjeras vad\u012b\u0161an\u0101; sniegtu zin\u0101\u0161anas un izpratni par darba pasauli, t\u0101s saikni ar izgl\u012bt\u012bbu, par karjeras pl\u0101no\u0161anu un t\u0101l\u0101kizgl\u012bt\u012bbas iesp\u0113j\u0101m, k\u0101 ar\u012b nodro\u0161in\u0101tu efekt\u012bvu dal\u012bbu darba dz\u012bv\u0113.<\/p>\n<p>Skol\u0113nus karjeras jaut\u0101jumos atbalsta skolas\u00a0pedagogs karjeras konsultants, kur\u0161 sniedz metodisku, informat\u012bvu un konsultat\u012bvu individu\u0101lo atbalstu skol\u0113niem izsv\u0113rtu karjeras l\u0113mumu pie\u0146em\u0161anai par turpm\u0101ko izgl\u012bt\u012bbas un darba ce\u013cu.<\/p>\n<h4><a href=\"https:\/\/www.lpskola.lv\/wp-content\/uploads\/2022\/11\/Skolas-karjeras-programma.pdf\">Skolas karjeras programma<\/a><\/h4>\n<p><strong>Atbalsts skol\u0113niem:<\/strong><\/p>\n<ul>\n<li><a href=\"http:\/\/www.niid.lv\/infografikas\">Infografikas karjeras pl\u0101no\u0161anai &#8211; tavas att\u012bst\u012bbas iesp\u0113jas skolas laik\u0101<\/a><\/li>\n<li><a href=\"http:\/\/www.nva.gov.lv\/karjera\/index.php?mt=304&amp;cid=304&amp;mid=297&amp;pt=1\">Karjeras veido\u0161anas pal\u012bgs<\/a><\/li>\n<li><a href=\"http:\/\/www.nva.gov.lv\/karjera\/testi\/lv\/selfcheck_b\/test\/new_test\/\">Pa\u0161noteic\u0113js<\/a><\/li>\n<\/ul>\n<p><strong>Atv\u0113rto durvju dienas<\/strong><\/p>\n<p><a href=\"http:\/\/www.niid.lv\/infodienas\">http:\/\/www.niid.lv\/infodienas<\/a>\u00a0\u2013 \u0161eit regul\u0101ri tiek aktualiz\u0113ta inform\u0101cija par atv\u0113rto durvju un inform\u0101cijas dien\u0101m izgl\u012bt\u012bbas iest\u0101d\u0113s.<\/p>\n<p><strong>Karjeras izv\u0113les testi<\/strong><\/p>\n<p><a href=\"http:\/\/www.niid.lv\/tests\/testi_sakums.htm\">niid.lv<\/a>\u00a0\u2013 pied\u0101v\u0101 6 da\u017e\u0101dus sevis izp\u0113tes testus, lai par\u0101d\u012btu izgl\u012bt\u012bbas un karjeras ce\u013ca virzienu;<\/p>\n<p><a href=\"https:\/\/www.alberta-koledza.lv\/?parent=10000\">alberta-koledza.lv<\/a>\u00a0\u2013 pied\u0101v\u0101 testu, kur\u0161 pal\u012bdz lab\u0101k izprast pa\u0161iem sevi un savu person\u012bbu, lai prec\u012bz\u0101k un p\u0101rdom\u0101t\u0101k \u013cauj izv\u0113l\u0113ties turpm\u0101ko izgl\u012bt\u012bbu un karjeru;<\/p>\n<p><a href=\"https:\/\/cilvekutipi.lv\/tests-tipa-noteiksanai\/\">https:\/\/cilvekutipi.lv<\/a>\u00a0\u2013 sevis izzin\u0101\u0161anas tests.<\/p>\n<p><strong>Inform\u0101cijas vietnes par profesij\u0101m un nodarbin\u0101t\u012bbu<\/strong><\/p>\n<p><a href=\"http:\/\/profesijupasaule.lv\/\">profesijupasaule.lv<\/a>\u00a0\u2013 profesiju apraksti, video un pieredzes st\u0101sti. Iesp\u0113ja pab\u016bt virtu\u0101laj\u0101 profesiju pasaul\u0113;<br \/>\n<a href=\"http:\/\/niid.lv\/\">niid.lv<\/a>\u00a0\u2013 izgl\u012bt\u012bbas iesp\u0113jas, m\u0101c\u012bbu iest\u0101des, infografikas un testi, iesp\u0113ja uzdot jaut\u0101jumus;<br \/>\n<a href=\"https:\/\/www.prakse.lv\/profession\/list\">prakse.lv<\/a>\u00a0\u2013 profesijas apraksts apvienots ar virtu\u0101lo inform\u0101ciju;<br \/>\n<a href=\"https:\/\/www.lm.gov.lv\/lv\/profesiju-klasifikators\">lm.gov.lv<\/a>\u00a0\u2013 Labkl\u0101j\u012bbas ministrija. Pied\u0101v\u0101 profesiju klasifikatoru \u2013 sistematiz\u0113tu profesiju (arodu, amatu, specialit\u0101\u0161u) sarakstu;<br \/>\n<a href=\"http:\/\/www.cv-online.lv\/\">cv-online.lv<\/a>\u00a0\u2013 darba pied\u0101v\u0101jumi, aktualit\u0101tes darba tirg\u016b.<\/p>\n<p>&nbsp;<\/p>\n<p><strong>Atbalsts skolot\u0101jiem un kla\u0161u audzin\u0101t\u0101jiem:<\/strong><\/p>\n<p>Informat\u012bvie un metodiskie materi\u0101li karjeras atbalstam\u00a0<a href=\"https:\/\/viaa.gov.lv\/lat\/karjeras_atbalsts\/lat_karjeras_atbalsts\/info_mater\/\">https:\/\/viaa.gov.lv\/lat\/karjeras_atbalsts\/lat_karjeras_atbalsts\/info_mater<\/a>\/<\/p>\n<p>Karjeras materi\u0101li darbam stund\u0101s\u00a0<a href=\"https:\/\/karjerasmateriali.lv\/materiali-darbam-stundas-un-tematiskajas-nodarbibas\/\">https:\/\/karjerasmateriali.lv\/materiali-darbam-stundas-un-tematiskajas-nodarbibas\/<\/a><\/p>\n<p><img loading=\"lazy\" decoding=\"async\" class=\" wp-image-268 alignleft\" src=\"https:\/\/www.lpskola.lv\/wp-content\/uploads\/2019\/10\/20191015_1154091-300x169.jpg\" alt=\"\" width=\"517\" height=\"291\" srcset=\"https:\/\/www.lpskola.lv\/wp-content\/uploads\/2019\/10\/20191015_1154091-300x169.jpg 300w, https:\/\/www.lpskola.lv\/wp-content\/uploads\/2019\/10\/20191015_1154091-768x432.jpg 768w, https:\/\/www.lpskola.lv\/wp-content\/uploads\/2019\/10\/20191015_1154091-1024x576.jpg 1024w\" sizes=\"auto, (max-width: 517px) 100vw, 517px\" \/> <img loading=\"lazy\" decoding=\"async\" class=\"wp-image-269 alignright\" src=\"https:\/\/www.lpskola.lv\/wp-content\/uploads\/2019\/10\/20191015_1209261-300x169.jpg\" alt=\"\" width=\"520\" height=\"293\" srcset=\"https:\/\/www.lpskola.lv\/wp-content\/uploads\/2019\/10\/20191015_1209261-300x169.jpg 300w, https:\/\/www.lpskola.lv\/wp-content\/uploads\/2019\/10\/20191015_1209261-768x432.jpg 768w, https:\/\/www.lpskola.lv\/wp-content\/uploads\/2019\/10\/20191015_1209261-1024x576.jpg 1024w\" sizes=\"auto, (max-width: 520px) 100vw, 520px\" \/><img loading=\"lazy\" decoding=\"async\" class=\" wp-image-270 alignleft\" src=\"https:\/\/www.lpskola.lv\/wp-content\/uploads\/2019\/10\/20191016_1020271-300x169.jpg\" alt=\"\" width=\"518\" height=\"292\" srcset=\"https:\/\/www.lpskola.lv\/wp-content\/uploads\/2019\/10\/20191016_1020271-300x169.jpg 300w, https:\/\/www.lpskola.lv\/wp-content\/uploads\/2019\/10\/20191016_1020271-768x432.jpg 768w, https:\/\/www.lpskola.lv\/wp-content\/uploads\/2019\/10\/20191016_1020271-1024x576.jpg 1024w\" sizes=\"auto, (max-width: 518px) 100vw, 518px\" \/> <img loading=\"lazy\" decoding=\"async\" class=\"wp-image-271 alignright\" src=\"https:\/\/www.lpskola.lv\/wp-content\/uploads\/2019\/10\/20191016_1142201-300x169.jpg\" alt=\"\" width=\"522\" height=\"294\" srcset=\"https:\/\/www.lpskola.lv\/wp-content\/uploads\/2019\/10\/20191016_1142201-300x169.jpg 300w, https:\/\/www.lpskola.lv\/wp-content\/uploads\/2019\/10\/20191016_1142201-768x432.jpg 768w, https:\/\/www.lpskola.lv\/wp-content\/uploads\/2019\/10\/20191016_1142201-1024x576.jpg 1024w\" sizes=\"auto, (max-width: 522px) 100vw, 522px\" \/> <img loading=\"lazy\" decoding=\"async\" class=\"wp-image-272 alignleft\" src=\"https:\/\/www.lpskola.lv\/wp-content\/uploads\/2019\/10\/20191017_1307261-300x169.jpg\" alt=\"\" width=\"520\" height=\"293\" srcset=\"https:\/\/www.lpskola.lv\/wp-content\/uploads\/2019\/10\/20191017_1307261-300x169.jpg 300w, https:\/\/www.lpskola.lv\/wp-content\/uploads\/2019\/10\/20191017_1307261-768x432.jpg 768w, https:\/\/www.lpskola.lv\/wp-content\/uploads\/2019\/10\/20191017_1307261-1024x576.jpg 1024w\" sizes=\"auto, (max-width: 520px) 100vw, 520px\" \/> <img loading=\"lazy\" decoding=\"async\" class=\"wp-image-273 alignright\" src=\"https:\/\/www.lpskola.lv\/wp-content\/uploads\/2019\/10\/20191017_1331211-300x169.jpg\" alt=\"\" width=\"522\" height=\"294\" srcset=\"https:\/\/www.lpskola.lv\/wp-content\/uploads\/2019\/10\/20191017_1331211-300x169.jpg 300w, https:\/\/www.lpskola.lv\/wp-content\/uploads\/2019\/10\/20191017_1331211-768x432.jpg 768w, https:\/\/www.lpskola.lv\/wp-content\/uploads\/2019\/10\/20191017_1331211-1024x576.jpg 1024w\" sizes=\"auto, (max-width: 522px) 100vw, 522px\" \/> <img loading=\"lazy\" decoding=\"async\" class=\"wp-image-274 alignleft\" src=\"https:\/\/www.lpskola.lv\/wp-content\/uploads\/2019\/10\/20191018_1006551-300x169.jpg\" alt=\"\" width=\"520\" height=\"293\" srcset=\"https:\/\/www.lpskola.lv\/wp-content\/uploads\/2019\/10\/20191018_1006551-300x169.jpg 300w, https:\/\/www.lpskola.lv\/wp-content\/uploads\/2019\/10\/20191018_1006551-768x432.jpg 768w, https:\/\/www.lpskola.lv\/wp-content\/uploads\/2019\/10\/20191018_1006551-1024x576.jpg 1024w\" sizes=\"auto, (max-width: 520px) 100vw, 520px\" \/> <img loading=\"lazy\" decoding=\"async\" class=\"wp-image-275 alignright\" src=\"https:\/\/www.lpskola.lv\/wp-content\/uploads\/2019\/10\/20191018_1158051-300x169.jpg\" alt=\"\" width=\"522\" height=\"294\" srcset=\"https:\/\/www.lpskola.lv\/wp-content\/uploads\/2019\/10\/20191018_1158051-300x169.jpg 300w, https:\/\/www.lpskola.lv\/wp-content\/uploads\/2019\/10\/20191018_1158051-768x432.jpg 768w, https:\/\/www.lpskola.lv\/wp-content\/uploads\/2019\/10\/20191018_1158051-1024x576.jpg 1024w\" sizes=\"auto, (max-width: 522px) 100vw, 522px\" \/> <img loading=\"lazy\" decoding=\"async\" class=\"wp-image-276 alignleft\" src=\"https:\/\/www.lpskola.lv\/wp-content\/uploads\/2019\/10\/20191018_1307381-300x169.jpg\" alt=\"\" width=\"524\" height=\"295\" srcset=\"https:\/\/www.lpskola.lv\/wp-content\/uploads\/2019\/10\/20191018_1307381-300x169.jpg 300w, https:\/\/www.lpskola.lv\/wp-content\/uploads\/2019\/10\/20191018_1307381-768x432.jpg 768w, https:\/\/www.lpskola.lv\/wp-content\/uploads\/2019\/10\/20191018_1307381-1024x576.jpg 1024w\" sizes=\"auto, (max-width: 524px) 100vw, 524px\" \/> <img loading=\"lazy\" decoding=\"async\" class=\"wp-image-277 alignright\" src=\"https:\/\/www.lpskola.lv\/wp-content\/uploads\/2019\/10\/20191018_1310331-300x169.jpg\" alt=\"\" width=\"520\" height=\"293\" srcset=\"https:\/\/www.lpskola.lv\/wp-content\/uploads\/2019\/10\/20191018_1310331-300x169.jpg 300w, https:\/\/www.lpskola.lv\/wp-content\/uploads\/2019\/10\/20191018_1310331-768x432.jpg 768w, https:\/\/www.lpskola.lv\/wp-content\/uploads\/2019\/10\/20191018_1310331-1024x576.jpg 1024w\" sizes=\"auto, (max-width: 520px) 100vw, 520px\" \/> <img loading=\"lazy\" decoding=\"async\" class=\"wp-image-278 alignleft\" src=\"https:\/\/www.lpskola.lv\/wp-content\/uploads\/2019\/10\/20191018_1321301-300x169.jpg\" alt=\"\" width=\"521\" height=\"293\" srcset=\"https:\/\/www.lpskola.lv\/wp-content\/uploads\/2019\/10\/20191018_1321301-300x169.jpg 300w, https:\/\/www.lpskola.lv\/wp-content\/uploads\/2019\/10\/20191018_1321301-768x432.jpg 768w, https:\/\/www.lpskola.lv\/wp-content\/uploads\/2019\/10\/20191018_1321301-1024x576.jpg 1024w\" sizes=\"auto, (max-width: 521px) 100vw, 521px\" \/> <img loading=\"lazy\" decoding=\"async\" class=\"wp-image-279 alignright\" src=\"https:\/\/www.lpskola.lv\/wp-content\/uploads\/2019\/10\/20191018_1323571-300x169.jpg\" alt=\"\" width=\"520\" height=\"293\" srcset=\"https:\/\/www.lpskola.lv\/wp-content\/uploads\/2019\/10\/20191018_1323571-300x169.jpg 300w, https:\/\/www.lpskola.lv\/wp-content\/uploads\/2019\/10\/20191018_1323571-768x432.jpg 768w, https:\/\/www.lpskola.lv\/wp-content\/uploads\/2019\/10\/20191018_1323571-1024x576.jpg 1024w\" sizes=\"auto, (max-width: 520px) 100vw, 520px\" \/> <img loading=\"lazy\" decoding=\"async\" class=\"wp-image-280 alignleft\" src=\"https:\/\/www.lpskola.lv\/wp-content\/uploads\/2019\/10\/20191018_1344451-300x169.jpg\" alt=\"\" width=\"517\" height=\"291\" srcset=\"https:\/\/www.lpskola.lv\/wp-content\/uploads\/2019\/10\/20191018_1344451-300x169.jpg 300w, https:\/\/www.lpskola.lv\/wp-content\/uploads\/2019\/10\/20191018_1344451-768x432.jpg 768w, https:\/\/www.lpskola.lv\/wp-content\/uploads\/2019\/10\/20191018_1344451-1024x576.jpg 1024w\" sizes=\"auto, (max-width: 517px) 100vw, 517px\" \/> <img loading=\"lazy\" decoding=\"async\" class=\"wp-image-281 aligncenter\" src=\"https:\/\/www.lpskola.lv\/wp-content\/uploads\/2019\/10\/IMG_20191014_150611-225x300.jpg\" alt=\"\" width=\"393\" height=\"524\" srcset=\"https:\/\/www.lpskola.lv\/wp-content\/uploads\/2019\/10\/IMG_20191014_150611-225x300.jpg 225w, https:\/\/www.lpskola.lv\/wp-content\/uploads\/2019\/10\/IMG_20191014_150611-768x1024.jpg 768w\" sizes=\"auto, (max-width: 393px) 100vw, 393px\" \/><\/p>\n<p><img loading=\"lazy\" decoding=\"async\" class=\"wp-image-282 aligncenter\" src=\"https:\/\/www.lpskola.lv\/wp-content\/uploads\/2019\/10\/IMG_20191014_150805-225x300.jpg\" alt=\"\" width=\"395\" height=\"527\" srcset=\"https:\/\/www.lpskola.lv\/wp-content\/uploads\/2019\/10\/IMG_20191014_150805-225x300.jpg 225w, https:\/\/www.lpskola.lv\/wp-content\/uploads\/2019\/10\/IMG_20191014_150805-768x1024.jpg 768w\" sizes=\"auto, (max-width: 395px) 100vw, 395px\" \/><\/p>\n<p><img loading=\"lazy\" decoding=\"async\" class=\"wp-image-283 aligncenter\" src=\"https:\/\/www.lpskola.lv\/wp-content\/uploads\/2019\/10\/IMG_20191014_152255-225x300.jpg\" alt=\"\" width=\"487\" height=\"649\" srcset=\"https:\/\/www.lpskola.lv\/wp-content\/uploads\/2019\/10\/IMG_20191014_152255-225x300.jpg 225w, https:\/\/www.lpskola.lv\/wp-content\/uploads\/2019\/10\/IMG_20191014_152255-768x1024.jpg 768w\" sizes=\"auto, (max-width: 487px) 100vw, 487px\" \/><\/p>\n<p><img loading=\"lazy\" decoding=\"async\" class=\"wp-image-290 aligncenter\" src=\"https:\/\/www.lpskola.lv\/wp-content\/uploads\/2019\/10\/7bklase-300x197.png\" alt=\"\" width=\"656\" height=\"431\" srcset=\"https:\/\/www.lpskola.lv\/wp-content\/uploads\/2019\/10\/7bklase-300x197.png 300w, https:\/\/www.lpskola.lv\/wp-content\/uploads\/2019\/10\/7bklase-768x505.png 768w, https:\/\/www.lpskola.lv\/wp-content\/uploads\/2019\/10\/7bklase-1024x673.png 1024w\" sizes=\"auto, (max-width: 656px) 100vw, 656px\" \/><\/p>\n<p><img loading=\"lazy\" decoding=\"async\" class=\"wp-image-285 aligncenter\" src=\"https:\/\/www.lpskola.lv\/wp-content\/uploads\/2019\/10\/IMG-20191021-WA0001-300x300.jpg\" alt=\"\" width=\"472\" height=\"472\" srcset=\"https:\/\/www.lpskola.lv\/wp-content\/uploads\/2019\/10\/IMG-20191021-WA0001-300x300.jpg 300w, https:\/\/www.lpskola.lv\/wp-content\/uploads\/2019\/10\/IMG-20191021-WA0001-150x150.jpg 150w, https:\/\/www.lpskola.lv\/wp-content\/uploads\/2019\/10\/IMG-20191021-WA0001-768x768.jpg 768w, https:\/\/www.lpskola.lv\/wp-content\/uploads\/2019\/10\/IMG-20191021-WA0001-1024x1024.jpg 1024w, https:\/\/www.lpskola.lv\/wp-content\/uploads\/2019\/10\/IMG-20191021-WA0001.jpg 1544w\" sizes=\"auto, (max-width: 472px) 100vw, 472px\" \/><\/p>\n<p><img loading=\"lazy\" decoding=\"async\" class=\"wp-image-284 aligncenter\" src=\"https:\/\/www.lpskola.lv\/wp-content\/uploads\/2019\/10\/IMG-20191021-WA0000-300x300.jpg\" alt=\"\" width=\"472\" height=\"472\" srcset=\"https:\/\/www.lpskola.lv\/wp-content\/uploads\/2019\/10\/IMG-20191021-WA0000-300x300.jpg 300w, https:\/\/www.lpskola.lv\/wp-content\/uploads\/2019\/10\/IMG-20191021-WA0000-150x150.jpg 150w, https:\/\/www.lpskola.lv\/wp-content\/uploads\/2019\/10\/IMG-20191021-WA0000-768x768.jpg 768w, https:\/\/www.lpskola.lv\/wp-content\/uploads\/2019\/10\/IMG-20191021-WA0000-1024x1024.jpg 1024w, https:\/\/www.lpskola.lv\/wp-content\/uploads\/2019\/10\/IMG-20191021-WA0000.jpg 1544w\" sizes=\"auto, (max-width: 472px) 100vw, 472px\" \/><\/p>\n<p><img loading=\"lazy\" decoding=\"async\" class=\"wp-image-287 aligncenter\" src=\"https:\/\/www.lpskola.lv\/wp-content\/uploads\/2019\/10\/IMG-20191021-WA0003-300x300.jpg\" alt=\"\" width=\"481\" height=\"481\" srcset=\"https:\/\/www.lpskola.lv\/wp-content\/uploads\/2019\/10\/IMG-20191021-WA0003-300x300.jpg 300w, https:\/\/www.lpskola.lv\/wp-content\/uploads\/2019\/10\/IMG-20191021-WA0003-150x150.jpg 150w, https:\/\/www.lpskola.lv\/wp-content\/uploads\/2019\/10\/IMG-20191021-WA0003-768x768.jpg 768w, https:\/\/www.lpskola.lv\/wp-content\/uploads\/2019\/10\/IMG-20191021-WA0003-1024x1024.jpg 1024w, https:\/\/www.lpskola.lv\/wp-content\/uploads\/2019\/10\/IMG-20191021-WA0003.jpg 1544w\" sizes=\"auto, (max-width: 481px) 100vw, 481px\" \/><\/p>\n<p><img loading=\"lazy\" decoding=\"async\" class=\"wp-image-286 aligncenter\" src=\"https:\/\/www.lpskola.lv\/wp-content\/uploads\/2019\/10\/IMG-20191021-WA0002-300x300.jpg\" alt=\"\" width=\"480\" height=\"480\" srcset=\"https:\/\/www.lpskola.lv\/wp-content\/uploads\/2019\/10\/IMG-20191021-WA0002-300x300.jpg 300w, https:\/\/www.lpskola.lv\/wp-content\/uploads\/2019\/10\/IMG-20191021-WA0002-150x150.jpg 150w, https:\/\/www.lpskola.lv\/wp-content\/uploads\/2019\/10\/IMG-20191021-WA0002-768x768.jpg 768w, https:\/\/www.lpskola.lv\/wp-content\/uploads\/2019\/10\/IMG-20191021-WA0002-1024x1024.jpg 1024w, https:\/\/www.lpskola.lv\/wp-content\/uploads\/2019\/10\/IMG-20191021-WA0002.jpg 1544w\" sizes=\"auto, (max-width: 480px) 100vw, 480px\" \/><\/p>\n<p><img loading=\"lazy\" decoding=\"async\" class=\"wp-image-299 aligncenter\" src=\"https:\/\/www.lpskola.lv\/wp-content\/uploads\/2019\/10\/IMG-20191022-WA0002-225x300.jpg\" alt=\"\" width=\"488\" height=\"651\" srcset=\"https:\/\/www.lpskola.lv\/wp-content\/uploads\/2019\/10\/IMG-20191022-WA0002-225x300.jpg 225w, https:\/\/www.lpskola.lv\/wp-content\/uploads\/2019\/10\/IMG-20191022-WA0002-768x1024.jpg 768w, https:\/\/www.lpskola.lv\/wp-content\/uploads\/2019\/10\/IMG-20191022-WA0002.jpg 1200w\" sizes=\"auto, (max-width: 488px) 100vw, 488px\" \/><\/p>\n<p><img loading=\"lazy\" decoding=\"async\" class=\"wp-image-298 aligncenter\" src=\"https:\/\/www.lpskola.lv\/wp-content\/uploads\/2019\/10\/IMG-20191022-WA0001-225x300.jpg\" alt=\"\" width=\"489\" height=\"653\" srcset=\"https:\/\/www.lpskola.lv\/wp-content\/uploads\/2019\/10\/IMG-20191022-WA0001-225x300.jpg 225w, https:\/\/www.lpskola.lv\/wp-content\/uploads\/2019\/10\/IMG-20191022-WA0001-768x1024.jpg 768w, https:\/\/www.lpskola.lv\/wp-content\/uploads\/2019\/10\/IMG-20191022-WA0001.jpg 1200w\" sizes=\"auto, (max-width: 489px) 100vw, 489px\" \/><\/p>\n<p><img loading=\"lazy\" decoding=\"async\" class=\"aligncenter wp-image-297\" src=\"https:\/\/www.lpskola.lv\/wp-content\/uploads\/2019\/10\/IMG-20191022-WA0000-225x300.jpg\" alt=\"\" width=\"491\" height=\"655\" srcset=\"https:\/\/www.lpskola.lv\/wp-content\/uploads\/2019\/10\/IMG-20191022-WA0000-225x300.jpg 225w, https:\/\/www.lpskola.lv\/wp-content\/uploads\/2019\/10\/IMG-20191022-WA0000-768x1024.jpg 768w, https:\/\/www.lpskola.lv\/wp-content\/uploads\/2019\/10\/IMG-20191022-WA0000.jpg 1200w\" sizes=\"auto, (max-width: 491px) 100vw, 491px\" \/><\/p>\n","protected":false},"excerpt":{"rendered":"<p>Karjeras\u00a0\u00a0izgl\u012bt\u012bba\u00a0ir pl\u0101nots pas\u0101kumu, kursu un programmu nodro\u0161in\u0101jums izgl\u012bt\u012bbas iest\u0101d\u0113s, lai pal\u012bdz\u0113tu izgl\u012btojamajiem att\u012bst\u012bt prasmes savu intere\u0161u, sp\u0113ju un iesp\u0113ju sam\u0113ro\u0161an\u0101, savu karjeras m\u0113r\u0137u izvirz\u012b\u0161an\u0101, karjeras vad\u012b\u0161an\u0101; sniegtu zin\u0101\u0161anas un izpratni par darba pasauli, t\u0101s saikni ar izgl\u012bt\u012bbu, par karjeras pl\u0101no\u0161anu un t\u0101l\u0101kizgl\u012bt\u012bbas iesp\u0113j\u0101m, k\u0101 ar\u012b nodro\u0161in\u0101tu efekt\u012bvu dal\u012bbu darba dz\u012bv\u0113.<span class=\"more-link\"><a href=\"https:\/\/www.lpskola.lv\/?page_id=227\">Uzzin\u0101t vair\u0101k<\/a><\/span><\/p>\n","protected":false},"author":4,"featured_media":0,"parent":0,"menu_order":0,"comment_status":"closed","ping_status":"closed","template":"","meta":{"footnotes":""},"class_list":["entry","author-ilze","post-227","page","type-page","status-publish"],"_links":{"self":[{"href":"https:\/\/www.lpskola.lv\/index.php?rest_route=\/wp\/v2\/pages\/227","targetHints":{"allow":["GET"]}}],"collection":[{"href":"https:\/\/www.lpskola.lv\/index.php?rest_route=\/wp\/v2\/pages"}],"about":[{"href":"https:\/\/www.lpskola.lv\/index.php?rest_route=\/wp\/v2\/types\/page"}],"author":[{"embeddable":true,"href":"https:\/\/www.lpskola.lv\/index.php?rest_route=\/wp\/v2\/users\/4"}],"replies":[{"embeddable":true,"href":"https:\/\/www.lpskola.lv\/index.php?rest_route=%2Fwp%2Fv2%2Fcomments&post=227"}],"version-history":[{"count":10,"href":"https:\/\/www.lpskola.lv\/index.php?rest_route=\/wp\/v2\/pages\/227\/revisions"}],"predecessor-version":[{"id":2344,"href":"https:\/\/www.lpskola.lv\/index.php?rest_route=\/wp\/v2\/pages\/227\/revisions\/2344"}],"wp:attachment":[{"href":"https:\/\/www.lpskola.lv\/index.php?rest_route=%2Fwp%2Fv2%2Fmedia&parent=227"}],"curies":[{"name":"wp","href":"https:\/\/api.w.org\/{rel}","templated":true}]}}