{"id":19,"date":"2024-10-16T07:15:12","date_gmt":"2024-10-16T07:15:12","guid":{"rendered":"https:\/\/www.lpskola.lv\/?page_id=19"},"modified":"2024-12-15T17:39:33","modified_gmt":"2024-12-15T17:39:33","slug":"skolenu-padomes-reglaments","status":"publish","type":"page","link":"https:\/\/www.lpskola.lv\/?page_id=19","title":{"rendered":"Skol\u0113nu padomes reglaments"},"content":{"rendered":"<p><b>I Visp\u0101r\u012bgie jaut\u0101jumi<\/b><\/p>\n<ol>\n<li style=\"font-weight: 400;\" aria-level=\"1\"><span style=\"font-weight: 400;\">Lielv\u0101rdes pamatskolas (turpm\u0101k \u2013 Skola) Skol\u0113nu padomes (turpm\u0101k \u2013 Padome) nolikums izdots saska\u0146\u0101 ar Izgl\u012bt\u012bbas likuma 28. pantu.<\/span><\/li>\n<li style=\"font-weight: 400;\" aria-level=\"1\"><span style=\"font-weight: 400;\">Padome ir neatkar\u012bga, demokr\u0101tiska pa\u0161p\u0101rvaldes instit\u016bcija, kas sav\u0101 darb\u012bb\u0101 iev\u0113ro Lielv\u0101rdes pamatskolas nolikumu, Skolas padomes reglamentu, Iek\u0161\u0113j\u0101s k\u0101rt\u012bbas noteikumus izgl\u012btojamajiem un \u0161o reglamentu.<\/span><\/li>\n<li style=\"font-weight: 400;\" aria-level=\"1\"><span style=\"font-weight: 400;\">Padomes reglamentu apstiprina Skolas direktors.<\/span><\/li>\n<li style=\"font-weight: 400;\" aria-level=\"1\"><span style=\"font-weight: 400;\">Padome l\u012bdzdarbojas Skolas darba organiz\u0113\u0161an\u0101.<\/span><\/li>\n<\/ol>\n<h3 style=\"text-align: justify;\"><\/h3>\n<p><b>II M\u0113r\u0137i un galvenie uzdevumi.<\/b><\/p>\n<ol>\n<li style=\"font-weight: 400;\" aria-level=\"1\"><span style=\"font-weight: 400;\">Padomes darb\u012bbas m\u0113r\u0137i:<\/span>\n<ol>\n<li style=\"font-weight: 400;\" aria-level=\"2\"><span style=\"font-weight: 400;\">padomi veido izgl\u012btojamie, lai rosin\u0101tu un sekm\u0113tu izgl\u012btojamo akt\u012bvu iesaist\u012b\u0161anos audzin\u0101\u0161anas darb\u0101, m\u0101c\u012bbu proces\u0101 un Skolas sabiedrisk\u0101s dz\u012bves aktivit\u0101t\u0113s;<\/span><\/li>\n<li style=\"font-weight: 400;\" aria-level=\"2\"><span style=\"font-weight: 400;\">veicin\u0101t izgl\u012btojamo un Skolas administr\u0101cijas intere\u0161u saska\u0146o\u0161anu;\u00a0<\/span><\/li>\n<li style=\"font-weight: 400;\" aria-level=\"2\"><span style=\"font-weight: 400;\">p\u0101rst\u0101v\u0113t savas intereses Skolas padom\u0113.<\/span><\/li>\n<\/ol>\n<\/li>\n<li style=\"font-weight: 400;\" aria-level=\"1\"><span style=\"font-weight: 400;\">Padomes galvenie uzdevumi<\/span>\n<ol>\n<li style=\"font-weight: 400;\" aria-level=\"2\"><span style=\"font-weight: 400;\">apkopot izgl\u012btojamo priek\u0161likumus;<\/span><\/li>\n<li style=\"font-weight: 400;\" aria-level=\"2\"><span style=\"font-weight: 400;\">akt\u012bvi iesaist\u012bties Skolas sabiedrisk\u0101s dz\u012bves veido\u0161an\u0101;<\/span><\/li>\n<li style=\"font-weight: 400;\" aria-level=\"2\"><span style=\"font-weight: 400;\">dele\u0123\u0113t savu p\u0101rst\u0101vi Skolas padom\u0113;<\/span><\/li>\n<li style=\"font-weight: 400;\" aria-level=\"2\"><span style=\"font-weight: 400;\">sadarboties ar Lielv\u0101rdes novada Jaunie\u0161u Domi;<\/span><\/li>\n<li style=\"font-weight: 400;\" aria-level=\"2\"><span style=\"font-weight: 400;\">iesaist\u012bties un pied\u0101v\u0101t probl\u0113mu risin\u0101jumus m\u0101c\u012bbu un sadz\u012bves apst\u0101k\u013cu uzlabo\u0161an\u0101 Skol\u0101;<\/span><\/li>\n<li style=\"font-weight: 400;\" aria-level=\"2\"><span style=\"font-weight: 400;\">p\u0101rst\u0101v\u0113t izgl\u012btojamo intereses sarun\u0101s ar Skolas administr\u0101ciju un pedagogiem;<\/span><\/li>\n<li style=\"font-weight: 400;\" aria-level=\"2\"><span style=\"font-weight: 400;\">veicin\u0101t m\u0101c\u012bbu procesa efektivit\u0101ti;<\/span><\/li>\n<li style=\"font-weight: 400;\" aria-level=\"2\"><span style=\"font-weight: 400;\">sadarboties ar citu izgl\u012bt\u012bbas iest\u0101\u017eu pa\u0161p\u0101rvald\u0113m, pa\u0161vald\u012bbas, valsts instit\u016bcij\u0101m un sabiedriskaj\u0101m organiz\u0101cij\u0101m.<\/span><\/li>\n<\/ol>\n<\/li>\n<\/ol>\n<h3 style=\"text-align: justify;\"><\/h3>\n<p><b>III Padomes izveide un v\u0113l\u0113\u0161anas<\/b><\/p>\n<ol>\n<li style=\"font-weight: 400;\" aria-level=\"1\"><span style=\"font-weight: 400;\">Padom\u0113 iev\u0113l tr\u012bs izgl\u012btojamos no katras klases demokr\u0101tisk\u0101s v\u0113l\u0113\u0161an\u0101s ar vienk\u0101r\u0161u balsu vair\u0101kumu.<\/span><\/li>\n<li style=\"font-weight: 400;\" aria-level=\"1\"><span style=\"font-weight: 400;\">V\u0113l\u0113\u0161anas notiek septembra tre\u0161aj\u0101 ned\u0113\u013c\u0101.<\/span><\/li>\n<li style=\"font-weight: 400;\" aria-level=\"1\"><span style=\"font-weight: 400;\">Dal\u012bbnieku skaits Padom\u0113 nav limit\u0113ts.<\/span><\/li>\n<li style=\"font-weight: 400;\" aria-level=\"1\"><span style=\"font-weight: 400;\">Padomes vad\u012bt\u0101ju iev\u0113l uz vienu m\u0101c\u012bbu gadu.<\/span><\/li>\n<li style=\"font-weight: 400;\" aria-level=\"1\"><span style=\"font-weight: 400;\">Padomes vad\u012bt\u0101ja amatam izvirza vismaz divus kandid\u0101tus.<\/span><\/li>\n<li style=\"font-weight: 400;\" aria-level=\"1\"><span style=\"font-weight: 400;\">Padomes vad\u012bt\u0101ju iev\u0113l Padom\u0113 iev\u0113l\u0113tie izgl\u012btojamie atkl\u0101t\u0101 balsojum\u0101.<\/span><\/li>\n<li style=\"font-weight: 400;\" aria-level=\"1\"><span style=\"font-weight: 400;\">Ja nepiecie\u0161ams, var r\u012bkot \u0101rk\u0101rtas Padomes v\u0113l\u0113\u0161anas.<\/span><\/li>\n<li style=\"font-weight: 400;\" aria-level=\"1\"><span style=\"font-weight: 400;\">Padom\u0113 iev\u0113l\u0113tais izgl\u012btojamais beidz savu darb\u012bbu Padom\u0113, p\u0101rtraucot m\u0101c\u012bties Skol\u0101 vai izsakot v\u0113l\u0113\u0161anos izst\u0101ties no Padomes.<\/span><\/li>\n<li style=\"font-weight: 400;\" aria-level=\"1\"><span style=\"font-weight: 400;\">Iev\u0113l\u0113t\u0101s Padomes darb\u012bbas ilgums ir viens m\u0101c\u012bbu gads.<\/span><\/li>\n<\/ol>\n<h3 style=\"text-align: justify;\"><\/h3>\n<p><b>IV Padomes sast\u0101vs un darb\u012bbas organiz\u0101cija<\/b><\/p>\n<ol>\n<li style=\"font-weight: 400;\" aria-level=\"1\"><span style=\"font-weight: 400;\">Padom\u0113 darbojas 5.-9.kla\u0161u izgl\u012btojamie:<\/span>\n<ol>\n<li style=\"font-weight: 400;\" aria-level=\"2\"><span style=\"font-weight: 400;\">Padomes vad\u012bt\u0101js;<\/span><\/li>\n<li style=\"font-weight: 400;\" aria-level=\"2\"><span style=\"font-weight: 400;\">Padomes vad\u012bt\u0101ja vietnieks;<\/span><\/li>\n<li style=\"font-weight: 400;\" aria-level=\"2\"><span style=\"font-weight: 400;\">Darba grupas.<\/span><\/li>\n<\/ol>\n<\/li>\n<li style=\"font-weight: 400;\" aria-level=\"1\"><span style=\"font-weight: 400;\">Padomes s\u0113des notiek regul\u0101ri, bet ne ret\u0101k k\u0101 reizi m\u0113nes\u012b, iz\u0146emot br\u012bvlaiku un sv\u0113tku laiku.<\/span><\/li>\n<li style=\"font-weight: 400;\" aria-level=\"1\"><span style=\"font-weight: 400;\">S\u0113des tiek protokol\u0113tas, protokol\u0101 ieraksta s\u0113des norises laiku, darba k\u0101rt\u012bbu, dal\u012bbniekus, l\u0113mumus, b\u016btisk\u0101kos izteikumus un priek\u0161likumus.<\/span><\/li>\n<li style=\"font-weight: 400;\" aria-level=\"1\"><span style=\"font-weight: 400;\">Padomes s\u0113de ir lemtties\u012bga, ja taj\u0101 piedal\u0101s ne maz\u0101k k\u0101 puse no p\u0101rst\u0101vjiem. S\u0113d\u0113 l\u0113mums ir pie\u0146emts, ja par to nobalso vair\u0101k nek\u0101 puse kl\u0101teso\u0161o. Ja balsojot balsis, sadal\u0101s l\u012bdz\u012bgi, iz\u0161\u0137iro\u0161\u0101 ir vad\u012bt\u0101ja balss.<\/span><\/li>\n<li style=\"font-weight: 400;\" aria-level=\"1\"><span style=\"font-weight: 400;\">Padomes s\u0113des vada Padomes vad\u012bt\u0101js, vi\u0146a promb\u016btnes laik\u0101 \u2013 Padomes vad\u012bt\u0101ja vietnieks vai pedagogs &#8211; koordinators.<\/span><\/li>\n<\/ol>\n<h3 style=\"text-align: justify;\"><\/h3>\n<p><b>V Padomes ties\u012bbas un pien\u0101kumi<\/b><\/p>\n<ol>\n<li style=\"font-weight: 400;\" aria-level=\"1\"><span style=\"font-weight: 400;\">Padomei ir ties\u012bbas:<\/span>\n<ol>\n<li style=\"font-weight: 400;\" aria-level=\"2\"><span style=\"font-weight: 400;\">organiz\u0113t Padomes darb\u012bbu atbilsto\u0161i Skolas nolikumam un Iek\u0161\u0113j\u0101s k\u0101rt\u012bbas noteikumiem izgl\u012btojamajiem;<\/span><\/li>\n<li style=\"font-weight: 400;\" aria-level=\"2\"><span style=\"font-weight: 400;\">iesniegt priek\u0161likumus Skolas administr\u0101cijai, Skolas padomei un pa\u0161vald\u012bbai m\u0101c\u012bbu darba, sabiedrisk\u0101s dz\u012bves un saimniecisk\u0101 darba jaut\u0101jumos;<\/span><\/li>\n<li style=\"font-weight: 400;\" aria-level=\"2\"><span style=\"font-weight: 400;\">piedal\u012bties Skolas darba pl\u0101no\u0161an\u0101;<\/span><\/li>\n<li style=\"font-weight: 400;\" aria-level=\"2\"><span style=\"font-weight: 400;\">dele\u0123\u0113t p\u0101rst\u0101vi Skolas padomei;<\/span><\/li>\n<li style=\"font-weight: 400;\" aria-level=\"2\"><span style=\"font-weight: 400;\">iesniegt priek\u0161likumus groz\u012bjumu izdar\u012b\u0161anai Padomes nolikum\u0101;<\/span><\/li>\n<li style=\"font-weight: 400;\" aria-level=\"2\"><span style=\"font-weight: 400;\">inform\u0113t par pie\u0146emtajiem l\u0113mumiem, \u0161im nol\u016bkam izmantojot noteikto vietu.<\/span><\/li>\n<\/ol>\n<\/li>\n<li style=\"font-weight: 400;\" aria-level=\"1\"><span style=\"font-weight: 400;\">Padomes pien\u0101kumi ir:<\/span>\n<ol>\n<li style=\"font-weight: 400;\" aria-level=\"2\"><span style=\"font-weight: 400;\">regul\u0101ri inform\u0113t Skolas administr\u0101ciju par Padomes pie\u0146emtajiem l\u0113mumiem;<\/span><\/li>\n<li style=\"font-weight: 400;\" aria-level=\"2\"><span style=\"font-weight: 400;\">regul\u0101ri inform\u0113t izgl\u012btojamos par Padomes darb\u012bbu, Padomes pie\u0146emtajiem l\u0113mumiem un to izpildi;<\/span><\/li>\n<li style=\"font-weight: 400;\" aria-level=\"2\"><span style=\"font-weight: 400;\">sadarboties ar Skolas administr\u0101ciju un pedagogiem Skolas Iek\u0161\u0113j\u0101s k\u0101rt\u012bbas noteikumu izgl\u012btojamajiem un reglamentu iev\u0113ro\u0161anas nodro\u0161in\u0101\u0161an\u0101;<\/span><\/li>\n<li style=\"font-weight: 400;\" aria-level=\"2\"><span style=\"font-weight: 400;\">vienu reizi m\u0101c\u012bbu gad\u0101 sniegt p\u0101rskatu par savu darb\u012bbu Skolas padomei.<\/span><\/li>\n<\/ol>\n<\/li>\n<\/ol>\n","protected":false},"excerpt":{"rendered":"<p>I Visp\u0101r\u012bgie jaut\u0101jumi Lielv\u0101rdes pamatskolas (turpm\u0101k \u2013 Skola) Skol\u0113nu padomes (turpm\u0101k \u2013 Padome) nolikums izdots saska\u0146\u0101 ar Izgl\u012bt\u012bbas likuma 28. pantu. Padome ir neatkar\u012bga, demokr\u0101tiska pa\u0161p\u0101rvaldes instit\u016bcija, kas sav\u0101 darb\u012bb\u0101 iev\u0113ro Lielv\u0101rdes pamatskolas nolikumu, Skolas padomes reglamentu, Iek\u0161\u0113j\u0101s k\u0101rt\u012bbas noteikumus izgl\u012btojamajiem un \u0161o reglamentu. Padomes reglamentu apstiprina Skolas direktors. Padome<span class=\"more-link\"><a href=\"https:\/\/www.lpskola.lv\/?page_id=19\">Uzzin\u0101t vair\u0101k<\/a><\/span><\/p>\n","protected":false},"author":4,"featured_media":0,"parent":0,"menu_order":0,"comment_status":"closed","ping_status":"closed","template":"","meta":{"footnotes":""},"class_list":["entry","author-ilze","post-19","page","type-page","status-publish"],"_links":{"self":[{"href":"https:\/\/www.lpskola.lv\/index.php?rest_route=\/wp\/v2\/pages\/19","targetHints":{"allow":["GET"]}}],"collection":[{"href":"https:\/\/www.lpskola.lv\/index.php?rest_route=\/wp\/v2\/pages"}],"about":[{"href":"https:\/\/www.lpskola.lv\/index.php?rest_route=\/wp\/v2\/types\/page"}],"author":[{"embeddable":true,"href":"https:\/\/www.lpskola.lv\/index.php?rest_route=\/wp\/v2\/users\/4"}],"replies":[{"embeddable":true,"href":"https:\/\/www.lpskola.lv\/index.php?rest_route=%2Fwp%2Fv2%2Fcomments&post=19"}],"version-history":[{"count":7,"href":"https:\/\/www.lpskola.lv\/index.php?rest_route=\/wp\/v2\/pages\/19\/revisions"}],"predecessor-version":[{"id":2453,"href":"https:\/\/www.lpskola.lv\/index.php?rest_route=\/wp\/v2\/pages\/19\/revisions\/2453"}],"wp:attachment":[{"href":"https:\/\/www.lpskola.lv\/index.php?rest_route=%2Fwp%2Fv2%2Fmedia&parent=19"}],"curies":[{"name":"wp","href":"https:\/\/api.w.org\/{rel}","templated":true}]}}